CRAN Package Check Results for Package balance

Last updated on 2021-06-22 11:49:43 CEST.

Flavor Version Tinstall Tcheck Ttotal Status Flags
r-devel-linux-x86_64-debian-clang 0.2.4 3.99 54.24 58.23 NOTE
r-devel-linux-x86_64-debian-gcc 0.2.4 2.69 40.59 43.28 NOTE
r-devel-linux-x86_64-fedora-clang 0.2.4 77.75 NOTE
r-devel-linux-x86_64-fedora-gcc 0.2.4 70.30 NOTE
r-devel-windows-x86_64 0.2.4 9.00 70.00 79.00 NOTE
r-devel-windows-x86_64-gcc10-UCRT 0.2.4 ERROR
r-patched-linux-x86_64 0.2.4 4.31 51.62 55.93 NOTE
r-patched-solaris-x86 0.2.4 93.20 NOTE
r-release-linux-x86_64 0.2.4 3.26 51.26 54.52 NOTE
r-release-macos-arm64 0.2.4 NOTE
r-release-macos-x86_64 0.2.4 NOTE
r-release-windows-ix86+x86_64 0.2.4 11.00 75.00 86.00 NOTE
r-oldrel-macos-x86_64 0.2.4 NOTE

Check Details

Version: 0.2.4
Check: LazyData
Result: NOTE
     'LazyData' is specified without a 'data' directory
Flavors: r-devel-linux-x86_64-debian-clang, r-devel-linux-x86_64-debian-gcc, r-devel-linux-x86_64-fedora-clang, r-devel-linux-x86_64-fedora-gcc, r-devel-windows-x86_64, r-devel-windows-x86_64-gcc10-UCRT, r-patched-linux-x86_64, r-patched-solaris-x86, r-release-linux-x86_64, r-release-macos-arm64, r-release-macos-x86_64, r-release-windows-ix86+x86_64

Version: 0.2.4
Check: package dependencies
Result: NOTE
    Packages suggested but not available for checking:
     'philr', 'robCompositions'
Flavor: r-devel-windows-x86_64-gcc10-UCRT

Version: 0.2.4
Check: tests
Result: ERROR
     Running 'testthat.R'
    Running the tests in 'tests/testthat.R' failed.
    Last 13 lines of output:
     Error: there is no package called 'robCompositions'
     Backtrace:
     x
     1. \-utils::data(expenditures, package = "robCompositions") test-sort.R:3:0
     2. \-base::find.package(package, lib.loc, verbose = verbose)
     -- Error (test-wide2long.R:3:1): (code run outside of `test_that()`) -----------
     Error: there is no package called 'robCompositions'
     Backtrace:
     x
     1. \-utils::data(expenditures, package = "robCompositions") test-wide2long.R:3:0
     2. \-base::find.package(package, lib.loc, verbose = verbose)
    
     [ FAIL 4 | WARN 0 | SKIP 0 | PASS 6 ]
     Error: Test failures
     Execution halted
Flavor: r-devel-windows-x86_64-gcc10-UCRT

Version: 0.2.4
Check: re-building of vignette outputs
Result: WARN
    Error(s) in re-building vignettes:
     ...
    --- re-building 'balance.Rmd' using rmarkdown
    Quitting from lines 41-45 (balance.Rmd)
    Error: processing vignette 'balance.Rmd' failed with diagnostics:
    there is no package called 'robCompositions'
    --- failed re-building 'balance.Rmd'
    
    SUMMARY: processing the following file failed:
     'balance.Rmd'
    
    Error: Vignette re-building failed.
    Execution halted
Flavor: r-devel-windows-x86_64-gcc10-UCRT

Version: 0.2.4
Check: package dependencies
Result: NOTE
    Package suggested but not available for checking: ‘philr’
Flavors: r-release-macos-arm64, r-release-macos-x86_64, r-oldrel-macos-x86_64