Last updated on 2021-04-17 23:48:18 CEST.
Flavor | Version | Tinstall | Tcheck | Ttotal | Status | Flags |
---|---|---|---|---|---|---|
r-devel-linux-x86_64-debian-clang | 0.1.0 | 13.64 | 201.10 | 214.74 | NOTE | |
r-devel-linux-x86_64-debian-gcc | 0.1.0 | 11.14 | 165.81 | 176.95 | NOTE | |
r-devel-linux-x86_64-fedora-clang | 0.1.0 | 260.58 | NOTE | |||
r-devel-linux-x86_64-fedora-gcc | 0.1.0 | 267.14 | NOTE | |||
r-devel-windows-ix86+x86_64 | 0.1.0 | 31.00 | 240.00 | 271.00 | NOTE | |
r-devel-windows-x86_64-gcc10-UCRT | 0.1.0 | NOTE | ||||
r-patched-linux-x86_64 | 0.1.0 | 13.00 | 190.23 | 203.23 | OK | |
r-patched-solaris-x86 | 0.1.0 | 378.40 | OK | |||
r-release-linux-x86_64 | 0.1.0 | 12.09 | 190.34 | 202.43 | OK | |
r-release-macos-x86_64 | 0.1.0 | OK | ||||
r-release-windows-ix86+x86_64 | 0.1.0 | 41.00 | 256.00 | 297.00 | OK | |
r-oldrel-macos-x86_64 | 0.1.0 | OK | ||||
r-oldrel-windows-ix86+x86_64 | 0.1.0 | 19.00 | 230.00 | 249.00 | OK |
Version: 0.1.0
Check: LazyData
Result: NOTE
'LazyData' is specified without a 'data' directory
Flavors: r-devel-linux-x86_64-debian-clang, r-devel-linux-x86_64-debian-gcc, r-devel-linux-x86_64-fedora-clang, r-devel-linux-x86_64-fedora-gcc, r-devel-windows-ix86+x86_64, r-devel-windows-x86_64-gcc10-UCRT