CRAN Package Check Results for Package badgecreatr

Last updated on 2021-06-15 07:48:58 CEST.

Flavor Version Tinstall Tcheck Ttotal Status Flags
r-devel-linux-x86_64-debian-clang 0.2.0 2.61 33.28 35.89 NOTE
r-devel-linux-x86_64-debian-gcc 0.2.0 1.90 26.01 27.91 NOTE
r-devel-linux-x86_64-fedora-clang 0.2.0 51.06 NOTE
r-devel-linux-x86_64-fedora-gcc 0.2.0 41.69 NOTE
r-devel-windows-x86_64 0.2.0 6.00 59.00 65.00 NOTE
r-devel-windows-x86_64-gcc10-UCRT 0.1.0 NOTE
r-patched-linux-x86_64 0.2.0 3.08 32.32 35.40 NOTE
r-patched-solaris-x86 0.2.0 59.40 NOTE
r-release-linux-x86_64 0.2.0 2.34 32.34 34.68 NOTE
r-release-macos-arm64 0.2.0 NOTE
r-release-macos-x86_64 0.2.0 NOTE
r-release-windows-ix86+x86_64 0.2.0 6.00 56.00 62.00 NOTE
r-oldrel-macos-x86_64 0.2.0 OK
r-oldrel-windows-ix86+x86_64 0.2.0 6.00 64.00 70.00 OK

Check Details

Version: 0.2.0
Check: LazyData
Result: NOTE
     'LazyData' is specified without a 'data' directory
Flavors: r-devel-linux-x86_64-debian-clang, r-devel-linux-x86_64-debian-gcc, r-devel-linux-x86_64-fedora-clang, r-devel-linux-x86_64-fedora-gcc, r-devel-windows-x86_64, r-devel-windows-x86_64-gcc10-UCRT, r-patched-linux-x86_64, r-patched-solaris-x86, r-release-linux-x86_64, r-release-macos-arm64, r-release-macos-x86_64, r-release-windows-ix86+x86_64