CRAN Package Check Results for Package babynames

Last updated on 2021-06-17 03:50:50 CEST.

Flavor Version Tinstall Tcheck Ttotal Status Flags
r-devel-linux-x86_64-debian-clang 1.0.1 40.52 48.60 89.12 OK
r-devel-linux-x86_64-debian-gcc 1.0.1 37.68 38.60 76.28 OK
r-devel-linux-x86_64-fedora-clang 1.0.1 126.06 NOTE
r-devel-linux-x86_64-fedora-gcc 1.0.1 114.14 OK
r-devel-windows-x86_64 1.0.1 55.00 66.00 121.00 NOTE
r-devel-windows-x86_64-gcc10-UCRT 1.0.1 OK
r-patched-linux-x86_64 1.0.1 38.59 47.04 85.63 OK
r-patched-solaris-x86 1.0.1 229.40 NOTE
r-release-linux-x86_64 1.0.1 37.95 47.59 85.54 OK
r-release-macos-arm64 1.0.1 NOTE
r-release-macos-x86_64 1.0.1 NOTE
r-release-windows-ix86+x86_64 1.0.1 60.00 68.00 128.00 NOTE
r-oldrel-macos-x86_64 1.0.1 NOTE
r-oldrel-windows-ix86+x86_64 1.0.1 46.00 66.00 112.00 NOTE

Check Details

Version: 1.0.1
Check: installed package size
Result: NOTE
     installed size is 5.4Mb
     sub-directories of 1Mb or more:
     data 5.3Mb
Flavors: r-devel-linux-x86_64-fedora-clang, r-devel-windows-x86_64, r-patched-solaris-x86, r-release-macos-arm64, r-release-macos-x86_64, r-release-windows-ix86+x86_64, r-oldrel-macos-x86_64, r-oldrel-windows-ix86+x86_64