CRAN Package Check Results for Package aws.lambda

Last updated on 2021-06-12 23:49:00 CEST.

Flavor Version Tinstall Tcheck Ttotal Status Flags
r-devel-linux-x86_64-debian-clang 0.2.0 2.47 27.02 29.49 NOTE
r-devel-linux-x86_64-debian-gcc 0.2.0 2.09 21.47 23.56 NOTE
r-devel-linux-x86_64-fedora-clang 0.2.0 44.72 NOTE
r-devel-linux-x86_64-fedora-gcc 0.2.0 33.71 NOTE
r-devel-windows-x86_64 0.2.0 5.00 60.00 65.00 NOTE
r-devel-windows-x86_64-gcc10-UCRT 0.2.0 NOTE
r-patched-linux-x86_64 0.2.0 2.86 26.63 29.49 NOTE
r-patched-solaris-x86 0.2.0 58.50 NOTE
r-release-linux-x86_64 0.2.0 2.63 26.24 28.87 NOTE
r-release-macos-arm64 0.2.0 NOTE
r-release-macos-x86_64 0.2.0 NOTE
r-release-windows-ix86+x86_64 0.2.0 10.00 57.00 67.00 NOTE
r-oldrel-macos-x86_64 0.2.0 OK
r-oldrel-windows-ix86+x86_64 0.2.0 26.00 109.00 135.00 OK

Check Details

Version: 0.2.0
Check: LazyData
Result: NOTE
     'LazyData' is specified without a 'data' directory
Flavors: r-devel-linux-x86_64-debian-clang, r-devel-linux-x86_64-debian-gcc, r-devel-linux-x86_64-fedora-clang, r-devel-linux-x86_64-fedora-gcc, r-devel-windows-x86_64, r-devel-windows-x86_64-gcc10-UCRT, r-patched-linux-x86_64, r-patched-solaris-x86, r-release-linux-x86_64, r-release-macos-arm64, r-release-macos-x86_64, r-release-windows-ix86+x86_64