CRAN Package Check Results for Package aws.ec2metadata

Last updated on 2021-09-21 07:49:54 CEST.

Flavor Version Tinstall Tcheck Ttotal Status Flags
r-devel-linux-x86_64-debian-clang 0.2.0 2.07 23.30 25.37 OK
r-devel-linux-x86_64-debian-gcc 0.2.0 1.66 18.41 20.07 OK
r-devel-linux-x86_64-fedora-clang 0.2.0 38.88 OK
r-devel-linux-x86_64-fedora-gcc 0.2.0 29.04 OK
r-devel-windows-x86_64 0.2.0 6.00 45.00 51.00 OK
r-devel-windows-x86_64-gcc10-UCRT 0.2.0 ERROR
r-patched-linux-x86_64 0.2.0 2.06 23.15 25.21 OK
r-patched-solaris-x86 0.2.0 50.40 OK
r-release-linux-x86_64 0.2.0 2.06 23.16 25.22 OK
r-release-macos-arm64 0.2.0 OK
r-release-macos-x86_64 0.2.0 OK
r-release-windows-ix86+x86_64 0.2.0 9.00 53.00 62.00 OK
r-oldrel-macos-x86_64 0.2.0 OK
r-oldrel-windows-ix86+x86_64 0.2.0 9.00 46.00 55.00 OK

Check Details

Version: 0.2.0
Check: whether package can be installed
Result: WARN
    Found the following significant warnings:
     WARNING: installation-time patches will not be applied, could not get the patches index
     Warning: closing unused connection 3 (C:/msys64/home/tomas/ucrt3/svn/ucrt3/r_packages/patches_idx.rds)
Flavor: r-devel-windows-x86_64-gcc10-UCRT

Version: 0.2.0
Check: PDF version of manual
Result: WARN
    LaTeX errors when creating PDF version.
    This typically indicates Rd problems.
Flavor: r-devel-windows-x86_64-gcc10-UCRT

Version: 0.2.0
Check: PDF version of manual without hyperrefs or index
Result: ERROR
    Re-running with no redirection of stdout/stderr.
Flavor: r-devel-windows-x86_64-gcc10-UCRT