CRAN Package Check Results for Package aweSOM

Last updated on 2021-12-08 03:58:13 CET.

Flavor Version Tinstall Tcheck Ttotal Status Flags
r-devel-linux-x86_64-debian-clang 1.2 4.59 61.42 66.01 OK
r-devel-linux-x86_64-debian-gcc 1.2 2.90 47.63 50.53 OK
r-devel-linux-x86_64-fedora-clang 1.2 82.49 NOTE
r-devel-linux-x86_64-fedora-gcc 1.2 71.62 NOTE
r-devel-windows-x86_64-new-UL 1.2 14.00 104.00 118.00 OK
r-devel-windows-x86_64-new-TK 1.2 NOTE
r-devel-windows-x86_64-old 1.2 9.00 85.00 94.00 OK
r-patched-linux-x86_64 1.2 5.23 59.01 64.24 OK
r-release-linux-x86_64 1.2 5.12 58.40 63.52 OK
r-release-macos-arm64 1.2 NOTE
r-release-macos-x86_64 1.2 WARN
r-release-windows-ix86+x86_64 1.2 9.00 78.00 87.00 OK
r-oldrel-macos-x86_64 1.2 WARN
r-oldrel-windows-ix86+x86_64 1.2 13.00 72.00 85.00 OK

Check Details

Version: 1.2
Check: dependencies in R code
Result: NOTE
    Namespaces in Imports field not imported from:
     ‘DT’ ‘bslib’ ‘rclipboard’ ‘rmarkdown’
     All declared Imports should be used.
Flavors: r-devel-linux-x86_64-fedora-clang, r-devel-linux-x86_64-fedora-gcc, r-devel-windows-x86_64-new-TK, r-release-macos-arm64, r-release-macos-x86_64, r-oldrel-macos-x86_64

Version: 1.2
Check: re-building of vignette outputs
Result: WARN
    Error(s) in re-building vignettes:
     ...
    --- re-building ‘aweSOM.Rmd’ using rmarkdown
    Warning in engine$weave(file, quiet = quiet, encoding = enc) :
     Pandoc (>= 1.12.3) not available. Falling back to R Markdown v1.
    Quitting from lines 97-101 (aweSOM.Rmd)
    Error: processing vignette 'aweSOM.Rmd' failed with diagnostics:
    invalid 'path' argument
    --- failed re-building ‘aweSOM.Rmd’
    
    SUMMARY: processing the following file failed:
     ‘aweSOM.Rmd’
    
    Error: Vignette re-building failed.
    Execution halted
Flavor: r-release-macos-x86_64

Version: 1.2
Check: re-building of vignette outputs
Result: WARN
    Error(s) in re-building vignettes:
     ...
    --- re-building ‘aweSOM.Rmd’ using rmarkdown
    Warning in engine$weave(file, quiet = quiet, encoding = enc) :
     Pandoc (>= 1.12.3) and/or pandoc-citeproc not available. Falling back to R Markdown v1.
    Quitting from lines 97-101 (aweSOM.Rmd)
    Error: processing vignette 'aweSOM.Rmd' failed with diagnostics:
    invalid 'path' argument
    --- failed re-building ‘aweSOM.Rmd’
    
    SUMMARY: processing the following file failed:
     ‘aweSOM.Rmd’
    
    Error: Vignette re-building failed.
    Execution halted
Flavor: r-oldrel-macos-x86_64