CRAN Package Check Results for Package autoharp

Last updated on 2021-09-22 07:51:05 CEST.

Flavor Version Tinstall Tcheck Ttotal Status Flags
r-devel-linux-x86_64-debian-clang 0.0.8 8.07 59.24 67.31 OK
r-devel-linux-x86_64-debian-gcc 0.0.8 6.26 44.52 50.78 OK
r-devel-linux-x86_64-fedora-clang 0.0.8 87.59 OK
r-devel-linux-x86_64-fedora-gcc 0.0.8 77.60 OK
r-devel-windows-x86_64 0.0.8 12.00 67.00 79.00 OK
r-devel-windows-x86_64-gcc10-UCRT 0.0.8 ERROR
r-patched-linux-x86_64 0.0.8 11.45 57.53 68.98 OK
r-patched-solaris-x86 0.0.8 106.40 OK
r-release-linux-x86_64 0.0.8 7.32 56.44 63.76 OK
r-release-macos-arm64 0.0.8 OK
r-release-macos-x86_64 0.0.8 OK
r-release-windows-ix86+x86_64 0.0.8 19.00 89.00 108.00 OK
r-oldrel-macos-x86_64 0.0.8 OK
r-oldrel-windows-ix86+x86_64 0.0.8 14.00 65.00 79.00 OK

Check Details

Version: 0.0.8
Check: package dependencies
Result: ERROR
    Packages required but not available: 'lintr', 'igraph'
    
    Packages suggested but not available for checking: 'xml2', 'rvest'
    
    See section 'The DESCRIPTION file' in the 'Writing R Extensions'
    manual.
Flavor: r-devel-windows-x86_64-gcc10-UCRT