Last updated on 2021-03-07 19:48:49 CET.
Flavor | Version | Tinstall | Tcheck | Ttotal | Status | Flags |
---|---|---|---|---|---|---|
r-devel-linux-x86_64-debian-clang | 1.3.3 | 60.90 | 107.47 | 168.37 | OK | |
r-devel-linux-x86_64-debian-gcc | 1.3.3 | 51.62 | 82.26 | 133.88 | OK | |
r-devel-linux-x86_64-fedora-clang | 1.3.3 | 231.75 | NOTE | |||
r-devel-linux-x86_64-fedora-gcc | 1.3.3 | 215.48 | OK | |||
r-devel-windows-ix86+x86_64 | 1.3.3 | 137.00 | 181.00 | 318.00 | OK | |
r-devel-windows-x86_64-gcc10-UCRT | 1.3.3 | OK | ||||
r-patched-linux-x86_64 | 1.3.3 | 55.25 | 101.53 | 156.78 | OK | |
r-patched-solaris-x86 | 1.3.3 | 256.30 | OK | |||
r-release-linux-x86_64 | 1.3.3 | 55.91 | 102.67 | 158.58 | OK | |
r-release-macos-x86_64 | 1.3.3 | NOTE | ||||
r-release-windows-ix86+x86_64 | 1.3.3 | 102.00 | 141.00 | 243.00 | OK | |
r-oldrel-macos-x86_64 | 1.3.3 | NOTE | ||||
r-oldrel-windows-ix86+x86_64 | 1.3.3 | 90.00 | 130.00 | 220.00 | OK |
Version: 1.3.3
Check: installed package size
Result: NOTE
installed size is 16.7Mb
sub-directories of 1Mb or more:
libs 16.4Mb
Flavors: r-devel-linux-x86_64-fedora-clang, r-release-macos-x86_64, r-oldrel-macos-x86_64