CRAN Package Check Results for Package aum

Last updated on 2024-06-13 00:55:06 CEST.

Flavor Version Tinstall Tcheck Ttotal Status Flags
r-devel-linux-x86_64-debian-clang 2023.6.14 25.75 85.95 111.70 OK
r-devel-linux-x86_64-debian-gcc 2023.6.14 17.34 30.55 47.89 ERROR
r-devel-linux-x86_64-fedora-clang 2023.6.14 154.12 OK
r-devel-linux-x86_64-fedora-gcc 2023.6.14 162.03 OK
r-devel-windows-x86_64 2023.6.14 22.00 100.00 122.00 OK
r-patched-linux-x86_64 2023.6.14 24.05 84.04 108.09 OK
r-release-linux-x86_64 2023.6.14 22.37 82.25 104.62 OK
r-release-macos-arm64 2023.6.14 45.00 OK
r-release-macos-x86_64 2023.6.14 78.00 OK
r-release-windows-x86_64 2023.6.14 22.00 101.00 123.00 OK
r-oldrel-macos-arm64 2023.6.14 63.00 OK
r-oldrel-macos-x86_64 2023.6.14 173.00 OK
r-oldrel-windows-x86_64 2023.6.14 21.00 124.00 145.00 OK

Additional issues

clang-UBSAN gcc-UBSAN

Check Details

Version: 2023.6.14
Check: package dependencies
Result: NOTE Packages suggested but not available for checking: 'testthat', 'ggplot2', 'penaltyLearning', 'atime', 'ggrepel' Flavor: r-devel-linux-x86_64-debian-gcc

Version: 2023.6.14
Check: examples
Result: ERROR Running examples in ‘aum-Ex.R’ failed The error most likely occurred in: > base::assign(".ptime", proc.time(), pos = "CheckExEnv") > ### Name: aum_line_search > ### Title: aum line search > ### Aliases: aum_line_search > > ### ** Examples > > > if(require("data.table"))setDTthreads(1L)#for CRAN check. Loading required package: data.table > > ## Example 1: two binary data. > (bin.diffs <- aum::aum_diffs_binary(c(0,1))) Key: <example, pred> example pred fp_diff fn_diff <int> <num> <num> <num> 1: 0 0 1 0 2: 1 0 0 -1 > if(requireNamespace("ggplot2"))plot(bin.diffs) Loading required namespace: ggplot2 Failed with error: ‘there is no package called ‘ggplot2’’ > bin.line.search <- aum::aum_line_search(bin.diffs, pred.vec=c(10,-10)) > if(requireNamespace("ggplot2"))plot(bin.line.search) Loading required namespace: ggplot2 Failed with error: ‘there is no package called ‘ggplot2’’ > > ## Example 2: two changepoint examples, one with three breakpoints. > data(neuroblastomaProcessed, package="penaltyLearning", envir=environment()) Error in find.package(package, lib.loc, verbose = verbose) : there is no package called ‘penaltyLearning’ Calls: data -> find.package Execution halted Flavor: r-devel-linux-x86_64-debian-gcc

Version: 2023.6.14
Check: re-building of vignette outputs
Result: ERROR Error(s) in re-building vignettes: ... --- re-building ‘speed-comparison.Rmd’ using knitr Quitting from lines 22-44 [unnamed-chunk-1] (speed-comparison.Rmd) Error: processing vignette 'speed-comparison.Rmd' failed with diagnostics: there is no package called 'penaltyLearning' --- failed re-building ‘speed-comparison.Rmd’ SUMMARY: processing the following file failed: ‘speed-comparison.Rmd’ Error: Vignette re-building failed. Execution halted Flavor: r-devel-linux-x86_64-debian-gcc