CRAN Package Check Results for Package audio

Last updated on 2024-04-18 08:54:22 CEST.

Flavor Version Tinstall Tcheck Ttotal Status Flags
r-devel-linux-x86_64-debian-clang 0.1-11 6.46 26.29 32.75 NOTE
r-devel-linux-x86_64-debian-gcc 0.1-11 4.83 20.36 25.19 NOTE
r-devel-linux-x86_64-fedora-clang 0.1-11 42.56 NOTE
r-devel-linux-x86_64-fedora-gcc 0.1-11 40.39 NOTE
r-prerel-macos-arm64 0.1-11 22.00 NOTE
r-prerel-windows-x86_64 0.1-11 9.00 40.00 49.00 NOTE
r-patched-linux-x86_64 0.1-11 6.10 25.02 31.12 NOTE
r-release-linux-x86_64 0.1-11 5.80 25.22 31.02 NOTE
r-release-macos-arm64 0.1-11 25.00 OK
r-release-macos-x86_64 0.1-11 48.00 OK
r-release-windows-x86_64 0.1-11 10.00 41.00 51.00 OK
r-oldrel-macos-arm64 0.1-11 27.00 OK
r-oldrel-windows-x86_64 0.1-11 11.00 43.00 54.00 OK

Additional issues

donttest M1mac M1mac

Check Details

Version: 0.1-11
Check: Rd files
Result: NOTE checkRd: (-1) audioSample.Rd:20: Lost braces in \itemize; meant \describe ? checkRd: (-1) audioSample.Rd:21: Lost braces in \itemize; meant \describe ? Flavors: r-devel-linux-x86_64-debian-clang, r-devel-linux-x86_64-debian-gcc, r-devel-linux-x86_64-fedora-clang, r-devel-linux-x86_64-fedora-gcc, r-prerel-macos-arm64, r-prerel-windows-x86_64, r-patched-linux-x86_64

Version: 0.1-11
Check: compiled code
Result: NOTE File ‘audio/libs/audio.so’: Found non-API call to R: ‘R_checkActivity’ Compiled code should not call non-API entry points in R. See ‘Writing portable packages’ in the ‘Writing R Extensions’ manual. Flavors: r-devel-linux-x86_64-debian-clang, r-devel-linux-x86_64-debian-gcc, r-patched-linux-x86_64, r-release-linux-x86_64