Last updated on 2021-03-09 07:49:32 CET.
Flavor | Version | Tinstall | Tcheck | Ttotal | Status | Flags |
---|---|---|---|---|---|---|
r-devel-linux-x86_64-debian-clang | 1.0.0 | 3.88 | 44.73 | 48.61 | OK | |
r-devel-linux-x86_64-debian-gcc | 1.0.0 | 2.82 | 33.56 | 36.38 | OK | |
r-devel-linux-x86_64-fedora-clang | 1.0.0 | 69.04 | NOTE | |||
r-devel-linux-x86_64-fedora-gcc | 1.0.0 | 57.24 | NOTE | |||
r-devel-windows-ix86+x86_64 | 1.0.0 | 10.00 | 47.00 | 57.00 | OK | |
r-devel-windows-x86_64-gcc10-UCRT | 1.0.0 | NOTE | ||||
r-patched-linux-x86_64 | 1.0.0 | 3.61 | 41.89 | 45.50 | OK | |
r-patched-solaris-x86 | 1.0.0 | 81.80 | NOTE | |||
r-release-linux-x86_64 | 1.0.0 | 4.07 | 41.84 | 45.91 | OK | |
r-release-macos-x86_64 | 1.0.0 | NOTE | ||||
r-release-windows-ix86+x86_64 | 1.0.0 | 9.00 | 48.00 | 57.00 | OK | |
r-oldrel-macos-x86_64 | 1.0.0 | NOTE | ||||
r-oldrel-windows-ix86+x86_64 | 1.0.0 | 6.00 | 43.00 | 49.00 | OK |
Version: 1.0.0
Check: dependencies in R code
Result: NOTE
Namespace in Imports field not imported from: ‘tidyr’
All declared Imports should be used.
Flavors: r-devel-linux-x86_64-fedora-clang, r-devel-linux-x86_64-fedora-gcc, r-devel-windows-x86_64-gcc10-UCRT, r-patched-solaris-x86, r-release-macos-x86_64, r-oldrel-macos-x86_64