CRAN Package Check Results for Package attachment

Last updated on 2021-06-18 19:50:40 CEST.

Flavor Version Tinstall Tcheck Ttotal Status Flags
r-devel-linux-x86_64-debian-clang 0.2.1 3.51 49.45 52.96 NOTE
r-devel-linux-x86_64-debian-gcc 0.2.1 2.64 37.70 40.34 NOTE
r-devel-linux-x86_64-fedora-clang 0.2.1 71.19 NOTE
r-devel-linux-x86_64-fedora-gcc 0.2.1 83.35 NOTE
r-devel-windows-x86_64 0.2.1 6.00 75.00 81.00 NOTE
r-devel-windows-x86_64-gcc10-UCRT 0.0.0.9000 NOTE
r-patched-linux-x86_64 0.2.1 3.69 47.71 51.40 NOTE
r-patched-solaris-x86 0.2.1 91.60 NOTE
r-release-linux-x86_64 0.2.1 3.33 47.80 51.13 NOTE
r-release-macos-arm64 0.2.1 NOTE
r-release-macos-x86_64 0.2.1 NOTE
r-release-windows-ix86+x86_64 0.2.1 8.00 73.00 81.00 NOTE
r-oldrel-macos-x86_64 0.2.1 OK
r-oldrel-windows-ix86+x86_64 0.2.1 5.00 72.00 77.00 OK

Check Details

Version: 0.2.1
Check: LazyData
Result: NOTE
     'LazyData' is specified without a 'data' directory
Flavors: r-devel-linux-x86_64-debian-clang, r-devel-linux-x86_64-debian-gcc, r-devel-linux-x86_64-fedora-clang, r-devel-linux-x86_64-fedora-gcc, r-devel-windows-x86_64, r-devel-windows-x86_64-gcc10-UCRT, r-patched-linux-x86_64, r-patched-solaris-x86, r-release-linux-x86_64, r-release-macos-arm64, r-release-macos-x86_64, r-release-windows-ix86+x86_64