CRAN Package Check Results for Package atmopt

Last updated on 2022-05-26 03:53:03 CEST.

Flavor Version Tinstall Tcheck Ttotal Status Flags
r-devel-linux-x86_64-debian-clang 0.1.0 3.74 43.02 46.76 NOTE
r-devel-linux-x86_64-debian-gcc 0.1.0 3.16 33.03 36.19 NOTE
r-devel-linux-x86_64-fedora-clang 0.1.0 62.31 NOTE
r-devel-linux-x86_64-fedora-gcc 0.1.0 57.45 NOTE
r-devel-windows-x86_64 0.1.0 13.00 61.00 74.00 NOTE
r-patched-linux-x86_64 0.1.0 3.67 41.18 44.85 NOTE
r-release-linux-x86_64 0.1.0 NOTE
r-release-macos-arm64 0.1.0 20.00 NOTE
r-release-macos-x86_64 0.1.0 26.00 NOTE
r-release-windows-x86_64 0.1.0 12.00 64.00 76.00 NOTE
r-oldrel-macos-arm64 0.1.0 23.00 NOTE
r-oldrel-macos-x86_64 0.1.0 34.00 NOTE
r-oldrel-windows-ix86+x86_64 0.1.0 10.00 53.00 63.00 NOTE

Check Details

Version: 0.1.0
Check: LazyData
Result: NOTE
     'LazyData' is specified without a 'data' directory
Flavors: r-devel-linux-x86_64-debian-clang, r-devel-linux-x86_64-debian-gcc, r-devel-linux-x86_64-fedora-clang, r-devel-linux-x86_64-fedora-gcc, r-devel-windows-x86_64, r-patched-linux-x86_64, r-release-linux-x86_64, r-release-macos-arm64, r-release-macos-x86_64, r-release-windows-x86_64, r-oldrel-macos-arm64, r-oldrel-macos-x86_64, r-oldrel-windows-ix86+x86_64