CRAN Package Check Results for Package assertive.sets

Last updated on 2021-06-17 03:50:50 CEST.

Flavor Version Tinstall Tcheck Ttotal Status Flags
r-devel-linux-x86_64-debian-clang 0.0-3 2.02 23.97 25.99 NOTE
r-devel-linux-x86_64-debian-gcc 0.0-3 1.58 18.95 20.53 NOTE
r-devel-linux-x86_64-fedora-clang 0.0-3 40.77 NOTE
r-devel-linux-x86_64-fedora-gcc 0.0-3 30.03 NOTE
r-devel-windows-x86_64 0.0-3 3.00 33.00 36.00 NOTE
r-devel-windows-x86_64-gcc10-UCRT 0.0-3 NOTE
r-patched-linux-x86_64 0.0-3 1.98 23.03 25.01 NOTE
r-patched-solaris-x86 0.0-3 52.10 NOTE
r-release-linux-x86_64 0.0-3 1.93 23.17 25.10 NOTE
r-release-macos-arm64 0.0-3 NOTE
r-release-macos-x86_64 0.0-3 NOTE
r-release-windows-ix86+x86_64 0.0-3 4.00 38.00 42.00 NOTE
r-oldrel-macos-x86_64 0.0-3 OK
r-oldrel-windows-ix86+x86_64 0.0-3 4.00 38.00 42.00 OK

Check Details

Version: 0.0-3
Check: LazyData
Result: NOTE
     'LazyData' is specified without a 'data' directory
Flavors: r-devel-linux-x86_64-debian-clang, r-devel-linux-x86_64-debian-gcc, r-devel-linux-x86_64-fedora-clang, r-devel-linux-x86_64-fedora-gcc, r-devel-windows-x86_64, r-devel-windows-x86_64-gcc10-UCRT, r-patched-linux-x86_64, r-patched-solaris-x86, r-release-linux-x86_64, r-release-macos-arm64, r-release-macos-x86_64, r-release-windows-ix86+x86_64

Version: 0.0-3
Check: Rd cross-references
Result: NOTE
    Undeclared package ‘sets’ in Rd xrefs
Flavor: r-devel-linux-x86_64-fedora-clang