CRAN Package Check Results for Package asremlPlus

Last updated on 2021-02-26 11:50:46 CET.

Flavor Version Tinstall Tcheck Ttotal Status Flags
r-devel-linux-x86_64-debian-clang 4.2-26 17.04 184.84 201.88 NOTE
r-devel-linux-x86_64-debian-gcc 4.2-26 13.12 136.52 149.64 NOTE
r-devel-linux-x86_64-fedora-clang 4.2-26 249.75 NOTE
r-devel-linux-x86_64-fedora-gcc 4.2-26 234.70 NOTE
r-devel-windows-ix86+x86_64 4.2-26 24.00 174.00 198.00 NOTE
r-patched-linux-x86_64 4.2-26 14.71 172.59 187.30 NOTE
r-patched-solaris-x86 4.2-26 309.60 NOTE
r-release-linux-x86_64 4.2-26 16.28 173.56 189.84 NOTE
r-release-macos-x86_64 4.2-26 NOTE
r-release-windows-ix86+x86_64 4.2-26 33.00 237.00 270.00 NOTE
r-oldrel-macos-x86_64 4.2-26 NOTE
r-oldrel-windows-ix86+x86_64 4.2-26 18.00 214.00 232.00 NOTE

Check Details

Version: 4.2-26
Check: package dependencies
Result: NOTE
    Package which this enhances but not available for checking: 'asreml'
Flavors: r-devel-linux-x86_64-debian-clang, r-devel-linux-x86_64-debian-gcc, r-devel-linux-x86_64-fedora-clang, r-devel-linux-x86_64-fedora-gcc, r-devel-windows-ix86+x86_64, r-patched-linux-x86_64, r-patched-solaris-x86, r-release-linux-x86_64, r-release-macos-x86_64, r-release-windows-ix86+x86_64, r-oldrel-macos-x86_64, r-oldrel-windows-ix86+x86_64