CRAN Package Check Results for Package ashr

Last updated on 2021-09-22 07:51:05 CEST.

Flavor Version Tinstall Tcheck Ttotal Status Flags
r-devel-linux-x86_64-debian-clang 2.2-47 30.66 228.75 259.41 NOTE
r-devel-linux-x86_64-debian-gcc 2.2-47 21.38 150.63 172.01 NOTE
r-devel-linux-x86_64-fedora-clang 2.2-47 296.32 NOTE
r-devel-linux-x86_64-fedora-gcc 2.2-47 274.92 NOTE
r-devel-windows-x86_64 2.2-47 30.00 209.00 239.00 NOTE
r-devel-windows-x86_64-gcc10-UCRT 2.2-47 ERROR
r-patched-linux-x86_64 2.2-47 27.74 191.02 218.76 NOTE
r-patched-solaris-x86 2.2-47 370.20 NOTE
r-release-linux-x86_64 2.2-47 26.95 193.31 220.26 NOTE
r-release-macos-arm64 2.2-47 NOTE
r-release-macos-x86_64 2.2-47 NOTE
r-release-windows-ix86+x86_64 2.2-47 70.00 374.00 444.00 NOTE
r-oldrel-macos-x86_64 2.2-47 OK
r-oldrel-windows-ix86+x86_64 2.2-47 49.00 305.00 354.00 OK

Check Details

Version: 2.2-47
Check: LazyData
Result: NOTE
     'LazyData' is specified without a 'data' directory
Flavors: r-devel-linux-x86_64-debian-clang, r-devel-linux-x86_64-debian-gcc, r-devel-linux-x86_64-fedora-clang, r-devel-linux-x86_64-fedora-gcc, r-devel-windows-x86_64, r-patched-linux-x86_64, r-patched-solaris-x86, r-release-linux-x86_64, r-release-macos-arm64, r-release-macos-x86_64, r-release-windows-ix86+x86_64

Version: 2.2-47
Check: whether package can be installed
Result: ERROR
    Installation failed.
Flavor: r-devel-windows-x86_64-gcc10-UCRT

Version: 2.2-47
Check: package dependencies
Result: NOTE
    Package suggested but not available for checking: ‘REBayes’
Flavor: r-patched-solaris-x86