CRAN Package Check Results for Package asbio

Last updated on 2021-03-07 19:48:49 CET.

Flavor Version Tinstall Tcheck Ttotal Status Flags
r-devel-linux-x86_64-debian-clang 1.6-7 58.13 265.26 323.39 OK
r-devel-linux-x86_64-debian-gcc 1.6-7 41.31 195.46 236.77 OK
r-devel-linux-x86_64-fedora-clang 1.6-7 408.51 OK
r-devel-linux-x86_64-fedora-gcc 1.6-7 396.15 OK
r-devel-windows-ix86+x86_64 1.6-7 63.00 269.00 332.00 OK
r-devel-windows-x86_64-gcc10-UCRT 1.6-7 OK
r-patched-linux-x86_64 1.6-7 53.94 240.91 294.85 OK
r-patched-solaris-x86 1.6-7 502.60 OK
r-release-linux-x86_64 1.6-7 53.14 239.58 292.72 OK
r-release-macos-x86_64 1.6-7 OK
r-release-windows-ix86+x86_64 1.6-7 46.00 274.00 320.00 OK
r-oldrel-macos-x86_64 1.6-7 WARN
r-oldrel-windows-ix86+x86_64 1.6-7 39.00 201.00 240.00 OK

Check Details

Version: 1.6-7
Check: dependencies in R code
Result: NOTE
    No protocol specified
    No protocol specified
    No protocol specified
    No protocol specified
Flavor: r-oldrel-macos-x86_64

Version: 1.6-7
Check: S3 generic/method consistency
Result: WARN
    No protocol specified
    No protocol specified
    See section ‘Generic functions and methods’ in the ‘Writing R
    Extensions’ manual.
Flavor: r-oldrel-macos-x86_64

Version: 1.6-7
Check: replacement functions
Result: WARN
    No protocol specified
    No protocol specified
    The argument of a replacement function which corresponds to the right
    hand side must be named ‘value’.
Flavor: r-oldrel-macos-x86_64

Version: 1.6-7
Check: foreign function calls
Result: NOTE
    No protocol specified
    No protocol specified
    See chapter ‘System and foreign language interfaces’ in the ‘Writing R
    Extensions’ manual.
Flavor: r-oldrel-macos-x86_64

Version: 1.6-7
Check: R code for possible problems
Result: NOTE
    No protocol specified
    No protocol specified
Flavor: r-oldrel-macos-x86_64

Version: 1.6-7
Check: for missing documentation entries
Result: WARN
    No protocol specified
    No protocol specified
    All user-level objects in a package should have documentation entries.
    See chapter ‘Writing R documentation files’ in the ‘Writing R
    Extensions’ manual.
Flavor: r-oldrel-macos-x86_64

Version: 1.6-7
Check: for code/documentation mismatches
Result: WARN
    No protocol specified
    No protocol specified
    No protocol specified
    No protocol specified
    No protocol specified
    No protocol specified
Flavor: r-oldrel-macos-x86_64

Version: 1.6-7
Check: Rd \usage sections
Result: NOTE
    No protocol specified
    No protocol specified
    The \usage entries for S3 methods should use the \method markup and not
    their full name.
    See chapter ‘Writing R documentation files’ in the ‘Writing R
    Extensions’ manual.
Flavor: r-oldrel-macos-x86_64