Last updated on 2022-06-28 19:54:53 CEST.
Flavor | Version | Tinstall | Tcheck | Ttotal | Status | Flags |
---|---|---|---|---|---|---|
r-devel-linux-x86_64-debian-clang | 1.7-3 | 25.45 | 171.92 | 197.37 | OK | |
r-devel-linux-x86_64-debian-gcc | 1.7-3 | 22.79 | 134.19 | 156.98 | OK | |
r-devel-linux-x86_64-fedora-clang | 1.7-3 | 267.90 | NOTE | |||
r-devel-linux-x86_64-fedora-gcc | 1.7-3 | 273.27 | OK | |||
r-devel-windows-x86_64 | 1.7-3 | 115.00 | 239.00 | 354.00 | OK | |
r-patched-linux-x86_64 | 1.7-3 | 32.91 | 171.42 | 204.33 | OK | |
r-release-linux-x86_64 | 1.7-3 | 25.90 | 169.45 | 195.35 | OK | |
r-release-macos-arm64 | 1.7-3 | 80.00 | OK | |||
r-release-macos-x86_64 | 1.7-3 | 107.00 | OK | |||
r-release-windows-x86_64 | 1.7-3 | 121.00 | 243.00 | 364.00 | OK | |
r-oldrel-macos-arm64 | 1.7-3 | 85.00 | OK | |||
r-oldrel-macos-x86_64 | 1.7-3 | 107.00 | OK | |||
r-oldrel-windows-ix86+x86_64 | 1.7-3 | 66.00 | 296.00 | 362.00 | OK |
Version: 1.7-3
Check: Rd cross-references
Result: NOTE
Undeclared package ‘proxy’ in Rd xrefs
Flavor: r-devel-linux-x86_64-fedora-clang