Last updated on 2021-03-06 23:48:23 CET.
Flavor | Version | Tinstall | Tcheck | Ttotal | Status | Flags |
---|---|---|---|---|---|---|
r-devel-linux-x86_64-debian-clang | 3.0.0 | 1600.63 | 103.61 | 1704.24 | OK | |
r-devel-linux-x86_64-debian-gcc | 3.0.0 | 1012.19 | 77.89 | 1090.08 | OK | |
r-devel-linux-x86_64-fedora-clang | 3.0.0 | 2305.45 | NOTE | |||
r-devel-linux-x86_64-fedora-gcc | 3.0.0 | 1835.81 | OK | |||
r-devel-windows-ix86+x86_64 | 3.0.0 | 529.00 | 302.00 | 831.00 | NOTE | |
r-devel-windows-x86_64-gcc10-UCRT | 3.0.0 | ERROR | ||||
r-patched-linux-x86_64 | 3.0.0 | 1190.16 | 97.84 | 1288.00 | OK | |
r-patched-solaris-x86 | 3.0.0 | 268.20 | OK | |||
r-release-linux-x86_64 | 3.0.0 | 1180.06 | 98.70 | 1278.76 | OK | |
r-release-macos-x86_64 | 3.0.0 | NOTE | ||||
r-release-windows-ix86+x86_64 | 3.0.0 | 377.00 | 266.00 | 643.00 | NOTE | |
r-oldrel-macos-x86_64 | 3.0.0 | NOTE | ||||
r-oldrel-windows-ix86+x86_64 | 3.0.0 | 396.00 | 214.00 | 610.00 | NOTE |
Version: 3.0.0
Check: installed package size
Result: NOTE
installed size is 39.2Mb
sub-directories of 1Mb or more:
R 3.4Mb
libs 35.3Mb
Flavors: r-devel-linux-x86_64-fedora-clang, r-devel-windows-ix86+x86_64, r-release-macos-x86_64, r-release-windows-ix86+x86_64, r-oldrel-macos-x86_64, r-oldrel-windows-ix86+x86_64
Version: 3.0.0
Check: whether package can be installed
Result: ERROR
Installation failed.
Flavor: r-devel-windows-x86_64-gcc10-UCRT