Last updated on 2023-06-03 08:05:37 CEST.
Flavor | Version | Tinstall | Tcheck | Ttotal | Status | Flags |
---|---|---|---|---|---|---|
r-devel-linux-x86_64-debian-clang | 2.2 | 39.68 | 28.54 | 68.22 | NOTE | |
r-devel-linux-x86_64-debian-gcc | 2.2 | 28.02 | 22.80 | 50.82 | NOTE | |
r-devel-linux-x86_64-fedora-clang | 2.2 | 98.17 | NOTE | |||
r-devel-linux-x86_64-fedora-gcc | 2.2 | 106.91 | NOTE | |||
r-devel-windows-x86_64 | 2.2 | 31.00 | 64.00 | 95.00 | NOTE | |
r-patched-linux-x86_64 | 2.2 | NOTE | ||||
r-release-linux-x86_64 | 2.2 | 29.36 | 27.56 | 56.92 | NOTE | |
r-release-macos-arm64 | 2.2 | 29.00 | NOTE | |||
r-release-macos-x86_64 | 2.2 | 46.00 | NOTE | |||
r-release-windows-x86_64 | 2.2 | 39.00 | 69.00 | 108.00 | NOTE | |
r-oldrel-macos-arm64 | 2.2 | 28.00 | OK | |||
r-oldrel-macos-x86_64 | 2.2 | 37.00 | OK | |||
r-oldrel-windows-x86_64 | 2.2 | 38.00 | 67.00 | 105.00 | OK |
Version: 2.2
Check: C++ specification
Result: NOTE
Specified C++11: please drop specification unless essential
Flavors: r-devel-linux-x86_64-debian-clang, r-devel-linux-x86_64-debian-gcc, r-devel-linux-x86_64-fedora-clang, r-devel-linux-x86_64-fedora-gcc, r-devel-windows-x86_64, r-patched-linux-x86_64, r-release-linux-x86_64, r-release-macos-arm64, r-release-macos-x86_64, r-release-windows-x86_64