CRAN Package Check Results for Package armspp

Last updated on 2021-11-27 11:52:37 CET.

Flavor Version Tinstall Tcheck Ttotal Status Flags
r-devel-linux-x86_64-debian-clang 0.0.2 NOTE
r-devel-linux-x86_64-debian-gcc 0.0.2 25.02 26.75 51.77 NOTE
r-devel-linux-x86_64-fedora-clang 0.0.2 111.85 NOTE
r-devel-linux-x86_64-fedora-gcc 0.0.2 91.46 NOTE
r-devel-windows-x86_64-new-UL 0.0.2 53.00 102.00 155.00 NOTE
r-devel-windows-x86_64-new-TK 0.0.2 NOTE
r-devel-windows-x86_64-old 0.0.2 42.00 55.00 97.00 NOTE
r-patched-linux-x86_64 0.0.2 28.39 32.72 61.11 NOTE
r-patched-solaris-x86 0.0.2 109.80 NOTE
r-release-linux-x86_64 0.0.2 NOTE
r-release-macos-arm64 0.0.2 NOTE
r-release-macos-x86_64 0.0.2 NOTE
r-release-windows-ix86+x86_64 0.0.2 89.00 85.00 174.00 NOTE
r-oldrel-macos-x86_64 0.0.2 OK
r-oldrel-windows-ix86+x86_64 0.0.2 76.00 88.00 164.00 OK

Check Details

Version: 0.0.2
Check: LazyData
Result: NOTE
     'LazyData' is specified without a 'data' directory
Flavors: r-devel-linux-x86_64-debian-clang, r-devel-linux-x86_64-debian-gcc, r-devel-linux-x86_64-fedora-clang, r-devel-linux-x86_64-fedora-gcc, r-devel-windows-x86_64-new-UL, r-devel-windows-x86_64-new-TK, r-devel-windows-x86_64-old, r-patched-linux-x86_64, r-patched-solaris-x86, r-release-linux-x86_64, r-release-macos-arm64, r-release-macos-x86_64, r-release-windows-ix86+x86_64