CRAN Package Check Results for Package ari

Last updated on 2021-09-22 07:51:05 CEST.

Flavor Version Tinstall Tcheck Ttotal Status Flags
r-devel-linux-x86_64-debian-clang 0.3.5 5.24 52.81 58.05 NOTE
r-devel-linux-x86_64-debian-gcc 0.3.5 4.36 40.42 44.78 NOTE
r-devel-linux-x86_64-fedora-clang 0.3.5 73.15 NOTE
r-devel-linux-x86_64-fedora-gcc 0.3.5 62.62 NOTE
r-devel-windows-x86_64 0.3.5 8.00 55.00 63.00 NOTE
r-devel-windows-x86_64-gcc10-UCRT 0.3.5 ERROR
r-patched-linux-x86_64 0.3.5 5.74 51.01 56.75 NOTE
r-patched-solaris-x86 0.3.5 92.60 NOTE
r-release-linux-x86_64 0.3.5 5.35 50.44 55.79 NOTE
r-release-macos-arm64 0.3.5 NOTE
r-release-macos-x86_64 0.3.5 NOTE
r-release-windows-ix86+x86_64 0.3.5 13.00 73.00 86.00 NOTE
r-oldrel-macos-x86_64 0.3.5 OK
r-oldrel-windows-ix86+x86_64 0.3.5 10.00 58.00 68.00 OK

Check Details

Version: 0.3.5
Check: LazyData
Result: NOTE
     'LazyData' is specified without a 'data' directory
Flavors: r-devel-linux-x86_64-debian-clang, r-devel-linux-x86_64-debian-gcc, r-devel-linux-x86_64-fedora-clang, r-devel-linux-x86_64-fedora-gcc, r-devel-windows-x86_64, r-patched-linux-x86_64, r-patched-solaris-x86, r-release-linux-x86_64, r-release-macos-arm64, r-release-macos-x86_64, r-release-windows-ix86+x86_64

Version: 0.3.5
Check: package dependencies
Result: ERROR
    Packages required but not available: 'xml2', 'rvest'
    
    See section 'The DESCRIPTION file' in the 'Writing R Extensions'
    manual.
Flavor: r-devel-windows-x86_64-gcc10-UCRT