CRAN Package Check Results for Package arena2r

Last updated on 2021-03-07 15:47:28 CET.

Flavor Version Tinstall Tcheck Ttotal Status Flags
r-devel-linux-x86_64-debian-clang 1.0.0 2.71 34.97 37.68 OK
r-devel-linux-x86_64-debian-gcc 1.0.0 1.76 27.02 28.78 OK
r-devel-linux-x86_64-fedora-clang 1.0.0 54.99 NOTE
r-devel-linux-x86_64-fedora-gcc 1.0.0 50.02 NOTE
r-devel-windows-ix86+x86_64 1.0.0 8.00 50.00 58.00 OK
r-devel-windows-x86_64-gcc10-UCRT 1.0.0 NOTE
r-patched-linux-x86_64 1.0.0 2.40 33.89 36.29 OK
r-patched-solaris-x86 1.0.0 65.90 NOTE
r-release-linux-x86_64 1.0.0 2.27 33.86 36.13 OK
r-release-macos-x86_64 1.0.0 NOTE
r-release-windows-ix86+x86_64 1.0.0 7.00 39.00 46.00 OK
r-oldrel-macos-x86_64 1.0.0 NOTE
r-oldrel-windows-ix86+x86_64 1.0.0 4.00 38.00 42.00 OK

Check Details

Version: 1.0.0
Check: dependencies in R code
Result: NOTE
    Namespaces in Imports field not imported from:
     ‘purrr’ ‘shinyBS’ ‘shinydashboard’ ‘shinyjs’
     All declared Imports should be used.
Flavors: r-devel-linux-x86_64-fedora-clang, r-devel-linux-x86_64-fedora-gcc, r-devel-windows-x86_64-gcc10-UCRT, r-patched-solaris-x86, r-release-macos-x86_64, r-oldrel-macos-x86_64