CRAN Package Check Results for Package archivist

Last updated on 2024-07-18 00:54:48 CEST.

Flavor Version Tinstall Tcheck Ttotal Status Flags
r-devel-linux-x86_64-debian-clang 2.3.6 10.54 102.72 113.26 OK
r-devel-linux-x86_64-debian-gcc 2.3.6 7.90 74.84 82.74 OK
r-devel-linux-x86_64-fedora-clang 2.3.6 138.64 NOTE
r-devel-linux-x86_64-fedora-gcc 2.3.6 144.56 OK
r-devel-windows-x86_64 2.3.6 11.00 107.00 118.00 OK
r-patched-linux-x86_64 2.3.6 15.12 95.29 110.41 OK
r-release-linux-x86_64 2.3.6 10.00 96.88 106.88 OK
r-release-macos-arm64 2.3.6 43.00 OK
r-release-macos-x86_64 2.3.6 63.00 OK
r-release-windows-x86_64 2.3.6 10.00 106.00 116.00 OK
r-oldrel-macos-arm64 2.3.6 48.00 OK
r-oldrel-macos-x86_64 2.3.6 75.00 OK
r-oldrel-windows-x86_64 2.3.6 12.00 132.00 144.00 OK

Check Details

Version: 2.3.6
Check: Rd cross-references
Result: NOTE Undeclared package ‘rmarkdown’ in Rd xrefs Flavor: r-devel-linux-x86_64-fedora-clang