Last updated on 2023-12-04 07:50:48 CET.
Flavor | Version | Tinstall | Tcheck | Ttotal | Status | Flags |
---|---|---|---|---|---|---|
r-devel-linux-x86_64-debian-clang | 1.3.0 | 11.94 | 216.43 | 228.37 | NOTE | |
r-devel-linux-x86_64-debian-gcc | 1.3.0 | 11.50 | 159.11 | 170.61 | NOTE | |
r-devel-linux-x86_64-fedora-clang | 1.3.0 | 292.46 | OK | |||
r-devel-linux-x86_64-fedora-gcc | 1.3.0 | 289.96 | OK | |||
r-devel-windows-x86_64 | 1.3.0 | 14.00 | 158.00 | 172.00 | OK | |
r-patched-linux-x86_64 | 1.3.0 | 17.24 | 210.44 | 227.68 | OK | |
r-release-linux-x86_64 | 1.3.0 | 12.94 | 205.34 | 218.28 | OK | |
r-release-macos-arm64 | 1.3.0 | 86.00 | OK | |||
r-release-macos-x86_64 | 1.3.0 | 173.00 | OK | |||
r-release-windows-x86_64 | 1.3.0 | 18.00 | 195.00 | 213.00 | OK | |
r-oldrel-macos-arm64 | 1.3.0 | 142.00 | OK | |||
r-oldrel-macos-x86_64 | 1.3.0 | 230.00 | OK | |||
r-oldrel-windows-x86_64 | 1.3.0 | 18.00 | 200.00 | 218.00 | OK |
Version: 1.3.0
Check: Rd files
Result: NOTE
checkRd: (-1) find_closer_points.Rd:41: Lost braces
41 | \item rows_closer_matrix, a matrix with ]code{npoints} rows which are closer to each archetype
| ^
Flavors: r-devel-linux-x86_64-debian-clang, r-devel-linux-x86_64-debian-gcc