CRAN Package Check Results for Package appler

Last updated on 2021-12-04 15:51:08 CET.

Flavor Version Tinstall Tcheck Ttotal Status Flags
r-devel-linux-x86_64-debian-clang 0.1.2 2.33 34.02 36.35 ERROR
r-devel-linux-x86_64-debian-gcc 0.1.2 1.67 26.89 28.56 ERROR
r-devel-linux-x86_64-fedora-clang 0.1.2 45.35 OK
r-devel-linux-x86_64-fedora-gcc 0.1.2 36.34 OK
r-devel-windows-x86_64-new-UL 0.1.2 7.00 70.00 77.00 OK
r-devel-windows-x86_64-new-TK 0.1.2 OK
r-devel-windows-x86_64-old 0.1.2 5.00 45.00 50.00 OK
r-patched-linux-x86_64 0.1.2 2.28 25.09 27.37 OK
r-release-linux-x86_64 0.1.2 1.86 25.16 27.02 OK
r-release-macos-arm64 0.1.2 OK
r-release-macos-x86_64 0.1.2 OK
r-release-windows-ix86+x86_64 0.1.2 6.00 55.00 61.00 OK
r-oldrel-macos-x86_64 0.1.2 OK
r-oldrel-windows-ix86+x86_64 0.1.2 5.00 52.00 57.00 OK

Check Details

Version: 0.1.2
Check: examples
Result: ERROR
    Running examples in 'appler-Ex.R' failed
    The error most likely occurred in:
    
    > base::assign(".ptime", proc.time(), pos = "CheckExEnv")
    > ### Name: search_apple
    > ### Title: Apple Store Search
    > ### Aliases: search_apple
    >
    > ### ** Examples
    >
    > # Search for all Jack Johnson audio and video content
    > search_apple(term = "jack johnson")
    Error in search_apple(term = "jack johnson") : Not Found (HTTP 404).
    Calls: search_apple -> <Anonymous>
    Execution halted
Flavors: r-devel-linux-x86_64-debian-clang, r-devel-linux-x86_64-debian-gcc