Last updated on 2021-03-01 03:53:10 CET.
Flavor | Version | Tinstall | Tcheck | Ttotal | Status | Flags |
---|---|---|---|---|---|---|
r-devel-linux-x86_64-debian-clang | 0.2.4 | NOTE | ||||
r-devel-linux-x86_64-debian-gcc | 0.2.4 | 48.81 | 129.87 | 178.68 | NOTE | |
r-devel-linux-x86_64-fedora-clang | 0.2.4 | 309.36 | OK | |||
r-devel-linux-x86_64-fedora-gcc | 0.2.4 | 294.00 | OK | |||
r-devel-windows-ix86+x86_64 | 0.2.3 | 113.00 | 176.00 | 289.00 | OK | |
r-patched-linux-x86_64 | 0.2.4 | 55.33 | 157.28 | 212.61 | NOTE | |
r-patched-solaris-x86 | 0.2.4 | 347.80 | OK | |||
r-release-linux-x86_64 | 0.2.4 | 62.10 | 157.59 | 219.69 | NOTE | |
r-release-macos-x86_64 | 0.2.4 | OK | ||||
r-release-windows-ix86+x86_64 | 0.2.3 | 146.00 | 225.00 | 371.00 | OK | |
r-oldrel-macos-x86_64 | 0.2.4 | ERROR | ||||
r-oldrel-windows-ix86+x86_64 | 0.1.0 | 116.00 | 215.00 | 331.00 | OK |
Version: 0.2.4
Check: R code for possible problems
Result: NOTE
Found the following calls to attach():
File 'apollo/R/apollo_attach.R':
attach(as.list(apollo_beta))
attach(database)
attach(draws)
attach(randcoeff)
attach(lcpars)
See section 'Good practice' in '?attach'.
Flavors: r-devel-linux-x86_64-debian-clang, r-devel-linux-x86_64-debian-gcc, r-patched-linux-x86_64, r-release-linux-x86_64
Version: 0.2.4
Check: whether package can be installed
Result: ERROR
Installation failed.
Flavor: r-oldrel-macos-x86_64