CRAN Package Check Results for Package aopdata

Last updated on 2021-06-21 07:48:35 CEST.

Flavor Version Tinstall Tcheck Ttotal Status Flags
r-devel-linux-x86_64-debian-clang 0.2.2 3.09 59.20 62.29 OK
r-devel-linux-x86_64-debian-gcc 0.2.2 2.30 43.18 45.48 OK
r-devel-linux-x86_64-fedora-clang 0.2.2 79.96 OK
r-devel-linux-x86_64-fedora-gcc 0.2.2 68.64 OK
r-devel-windows-x86_64 0.2.2 5.00 90.00 95.00 OK
r-devel-windows-x86_64-gcc10-UCRT 0.2.2 ERROR
r-patched-linux-x86_64 0.2.2 3.25 55.02 58.27 OK
r-patched-solaris-x86 0.2.2 100.80 OK
r-release-linux-x86_64 0.2.2 3.02 52.17 55.19 OK
r-release-macos-arm64 0.2.2 NOTE
r-release-macos-x86_64 0.2.2 OK
r-release-windows-ix86+x86_64 0.2.2 7.00 94.00 101.00 OK
r-oldrel-macos-x86_64 0.2.2 OK

Check Details

Version: 0.2.2
Check: package dependencies
Result: ERROR
    Packages required but not available: 'curl', 'crul', 'httr'
    
    Package suggested but not available for checking: 'covr'
    
    See section 'The DESCRIPTION file' in the 'Writing R Extensions'
    manual.
Flavor: r-devel-windows-x86_64-gcc10-UCRT

Version: 0.2.2
Check: package dependencies
Result: NOTE
    Package suggested but not available for checking: ‘mapview’
Flavor: r-release-macos-arm64