CRAN Package Check Results for Package anticlust

Last updated on 2021-09-20 15:52:30 CEST.

Flavor Version Tinstall Tcheck Ttotal Status Flags
r-devel-linux-x86_64-debian-clang 0.5.6 11.92 218.32 230.24 OK
r-devel-linux-x86_64-debian-gcc 0.5.6 8.08 150.41 158.49 OK
r-devel-linux-x86_64-fedora-clang 0.5.6 263.54 OK
r-devel-linux-x86_64-fedora-gcc 0.5.6 254.52 OK
r-devel-windows-x86_64 0.5.6 15.00 182.00 197.00 OK
r-devel-windows-x86_64-gcc10-UCRT 0.5.6 ERROR
r-patched-linux-x86_64 0.5.6 10.94 204.38 215.32 OK
r-patched-solaris-x86 0.5.6 327.60 OK
r-release-linux-x86_64 0.5.6 8.84 203.67 212.51 OK
r-release-macos-arm64 0.5.6 OK
r-release-macos-x86_64 0.5.6 OK
r-release-windows-ix86+x86_64 0.5.6 31.00 425.00 456.00 OK
r-oldrel-macos-x86_64 0.5.6 OK
r-oldrel-windows-ix86+x86_64 0.5.6 29.00 441.00 470.00 OK

Check Details

Version: 0.5.6
Check: whether package can be installed
Result: ERROR
    Installation failed.
Flavor: r-devel-windows-x86_64-gcc10-UCRT