CRAN Package Check Results for Package anomaly

Last updated on 2021-02-25 11:47:18 CET.

Flavor Version Tinstall Tcheck Ttotal Status Flags
r-devel-linux-x86_64-debian-clang 4.0.1 67.20 106.28 173.48 OK
r-devel-linux-x86_64-debian-gcc 4.0.1 43.19 79.45 122.64 OK
r-devel-linux-x86_64-fedora-clang 4.0.1 286.65 NOTE
r-devel-linux-x86_64-fedora-gcc 4.0.1 218.57 OK
r-devel-windows-ix86+x86_64 4.0.1 130.00 171.00 301.00 NOTE
r-patched-linux-x86_64 4.0.1 52.01 99.93 151.94 OK
r-patched-solaris-x86 4.0.1 250.80 NOTE
r-release-linux-x86_64 4.0.1 54.11 100.52 154.63 OK
r-release-macos-x86_64 4.0.1 NOTE
r-release-windows-ix86+x86_64 4.0.1 182.00 229.00 411.00 NOTE
r-oldrel-macos-x86_64 4.0.1 NOTE
r-oldrel-windows-ix86+x86_64 4.0.1 123.00 193.00 316.00 NOTE

Check Details

Version: 4.0.1
Check: installed package size
Result: NOTE
     installed size is 7.2Mb
     sub-directories of 1Mb or more:
     data 4.1Mb
     libs 2.7Mb
Flavors: r-devel-linux-x86_64-fedora-clang, r-devel-windows-ix86+x86_64, r-patched-solaris-x86, r-release-macos-x86_64, r-release-windows-ix86+x86_64, r-oldrel-macos-x86_64, r-oldrel-windows-ix86+x86_64