CRAN Package Check Results for Package animate

Last updated on 2024-06-25 20:48:09 CEST.

Flavor Version Tinstall Tcheck Ttotal Status Flags
r-devel-linux-x86_64-debian-clang 0.3.9.4 NOTE
r-devel-linux-x86_64-debian-gcc 0.3.9.4 4.85 39.95 44.80 NOTE
r-devel-linux-x86_64-fedora-clang 0.3.9.4 73.69 NOTE
r-devel-linux-x86_64-fedora-gcc 0.3.9.4 82.38 NOTE
r-devel-windows-x86_64 0.3.9.4 7.00 65.00 72.00 NOTE
r-patched-linux-x86_64 0.3.9.4 7.62 49.11 56.73 NOTE
r-release-linux-x86_64 0.3.9.4 4.89 50.14 55.03 NOTE
r-release-macos-arm64 0.3.9.4 32.00 NOTE
r-release-macos-x86_64 0.3.9.4 45.00 NOTE
r-release-windows-x86_64 0.3.9.4 7.00 67.00 74.00 NOTE
r-oldrel-macos-arm64 0.3.9.4 36.00 OK
r-oldrel-macos-x86_64 0.3.9.4 54.00 OK
r-oldrel-windows-x86_64 0.3.9.4 8.00 72.00 80.00 OK

Check Details

Version: 0.3.9.4
Check: Rd files
Result: NOTE checkRd: (-1) animate.Rd:625-627: Lost braces 625 | group = function(...) { | ^ Flavors: r-devel-linux-x86_64-debian-clang, r-devel-linux-x86_64-debian-gcc, r-devel-linux-x86_64-fedora-clang, r-devel-linux-x86_64-fedora-gcc, r-devel-windows-x86_64, r-patched-linux-x86_64, r-release-linux-x86_64, r-release-macos-arm64, r-release-macos-x86_64, r-release-windows-x86_64