CRAN Package Check Results for Package andrews

Last updated on 2021-09-21 15:50:37 CEST.

Flavor Version Tinstall Tcheck Ttotal Status Flags
r-devel-linux-x86_64-debian-clang 1.0 2.28 23.48 25.76 NOTE
r-devel-linux-x86_64-debian-gcc 1.0 1.67 18.24 19.91 NOTE
r-devel-linux-x86_64-fedora-clang 1.0 40.12 NOTE
r-devel-linux-x86_64-fedora-gcc 1.0 29.48 NOTE
r-devel-windows-x86_64 1.0 3.00 27.00 30.00 NOTE
r-devel-windows-x86_64-gcc10-UCRT 1.0 ERROR
r-patched-linux-x86_64 1.0 2.25 22.41 24.66 NOTE
r-patched-solaris-x86 1.0 45.60 NOTE
r-release-linux-x86_64 1.0 1.98 22.66 24.64 NOTE
r-release-macos-arm64 1.0 NOTE
r-release-macos-x86_64 1.0 NOTE
r-release-windows-ix86+x86_64 1.0 4.00 36.00 40.00 NOTE
r-oldrel-macos-x86_64 1.0 NOTE
r-oldrel-windows-ix86+x86_64 1.0 4.00 32.00 36.00 NOTE

Check Details

Version: 1.0
Check: DESCRIPTION meta-information
Result: NOTE
    Malformed Description field: should contain one or more complete sentences.
Flavors: r-devel-linux-x86_64-debian-clang, r-devel-linux-x86_64-debian-gcc, r-devel-linux-x86_64-fedora-clang, r-devel-linux-x86_64-fedora-gcc, r-devel-windows-x86_64, r-devel-windows-x86_64-gcc10-UCRT, r-patched-linux-x86_64, r-patched-solaris-x86, r-release-linux-x86_64, r-release-macos-arm64, r-release-macos-x86_64, r-release-windows-ix86+x86_64, r-oldrel-macos-x86_64, r-oldrel-windows-ix86+x86_64

Version: 1.0
Check: R code for possible problems
Result: NOTE
    andrews: no visible global function definition for 'plot.new'
    andrews: no visible global function definition for 'plot.window'
    andrews: no visible global function definition for 'title'
    andrews: no visible global function definition for 'axis'
    andrews: no visible global function definition for 'box'
    andrews: no visible global function definition for 'lines'
    andrews: no visible global function definition for 'rainbow'
    andrews: no visible global function definition for 'hsv'
    selectand: no visible global function definition for 'lines'
    Undefined global functions or variables:
     axis box hsv lines plot.new plot.window rainbow title
    Consider adding
     importFrom("grDevices", "hsv", "rainbow")
     importFrom("graphics", "axis", "box", "lines", "plot.new",
     "plot.window", "title")
    to your NAMESPACE file.
Flavors: r-devel-linux-x86_64-debian-clang, r-devel-linux-x86_64-debian-gcc, r-devel-linux-x86_64-fedora-clang, r-devel-linux-x86_64-fedora-gcc, r-devel-windows-x86_64, r-devel-windows-x86_64-gcc10-UCRT, r-patched-linux-x86_64, r-patched-solaris-x86, r-release-linux-x86_64, r-release-macos-arm64, r-release-macos-x86_64, r-release-windows-ix86+x86_64, r-oldrel-macos-x86_64, r-oldrel-windows-ix86+x86_64

Version: 1.0
Check: whether package can be installed
Result: WARN
    Found the following significant warnings:
     WARNING: installation-time patches will not be applied, could not get the patches index
Flavor: r-devel-windows-x86_64-gcc10-UCRT

Version: 1.0
Check: PDF version of manual
Result: WARN
    LaTeX errors when creating PDF version.
    This typically indicates Rd problems.
Flavor: r-devel-windows-x86_64-gcc10-UCRT

Version: 1.0
Check: PDF version of manual without hyperrefs or index
Result: ERROR
    Re-running with no redirection of stdout/stderr.
Flavor: r-devel-windows-x86_64-gcc10-UCRT