CRAN Package Check Results for Package anabel

Last updated on 2024-06-14 05:00:07 CEST.

Flavor Version Tinstall Tcheck Ttotal Status Flags
r-devel-linux-x86_64-debian-clang 3.0.1 10.95 143.12 154.07 OK
r-devel-linux-x86_64-debian-gcc 3.0.1 0.58 1.72 2.30 ERROR
r-devel-linux-x86_64-fedora-clang 3.0.1 188.56 OK
r-devel-linux-x86_64-fedora-gcc 3.0.1 190.80 OK
r-devel-windows-x86_64 3.0.1 10.00 119.00 129.00 OK
r-patched-linux-x86_64 3.0.1 10.70 133.75 144.45 OK
r-release-linux-x86_64 3.0.1 9.63 136.81 146.44 OK
r-release-macos-arm64 3.0.1 62.00 OK
r-release-macos-x86_64 3.0.1 93.00 OK
r-release-windows-x86_64 3.0.1 11.00 119.00 130.00 OK
r-oldrel-macos-arm64 3.0.1 56.00 OK
r-oldrel-macos-x86_64 3.0.1 143.00 OK
r-oldrel-windows-x86_64 3.0.1 13.00 145.00 158.00 OK

Check Details

Version: 3.0.1
Check: package dependencies
Result: ERROR Packages required but not available: 'dplyr', 'ggplot2', 'kableExtra', 'progress', 'purrr', 'reshape2', 'tidyr' Package suggested but not available for checking: ‘testthat’ See section ‘The DESCRIPTION file’ in the ‘Writing R Extensions’ manual. Flavor: r-devel-linux-x86_64-debian-gcc