CRAN Package Check Results for Package ammistability

Last updated on 2021-06-21 11:51:56 CEST.

Flavor Version Tinstall Tcheck Ttotal Status Flags
r-devel-linux-x86_64-debian-clang 0.1.2 7.98 98.13 106.11 OK
r-devel-linux-x86_64-debian-gcc 0.1.2 6.77 73.78 80.55 OK
r-devel-linux-x86_64-fedora-clang 0.1.2 134.46 NOTE
r-devel-linux-x86_64-fedora-gcc 0.1.2 121.83 NOTE
r-devel-windows-x86_64 0.1.2 13.00 128.00 141.00 OK
r-devel-windows-x86_64-gcc10-UCRT 0.1.2 WARN
r-patched-linux-x86_64 0.1.2 8.76 92.84 101.60 OK
r-patched-solaris-x86 0.1.2 158.10 NOTE
r-release-linux-x86_64 0.1.2 7.49 91.58 99.07 OK
r-release-macos-arm64 0.1.2 NOTE
r-release-macos-x86_64 0.1.2 NOTE
r-release-windows-ix86+x86_64 0.1.2 20.00 130.00 150.00 OK
r-oldrel-macos-x86_64 0.1.2 NOTE

Check Details

Version: 0.1.2
Check: dependencies in R code
Result: NOTE
    Namespace in Imports field not imported from: ‘mathjaxr’
     All declared Imports should be used.
Flavors: r-devel-linux-x86_64-fedora-clang, r-devel-linux-x86_64-fedora-gcc, r-devel-windows-x86_64-gcc10-UCRT, r-patched-solaris-x86, r-release-macos-arm64, r-release-macos-x86_64, r-oldrel-macos-x86_64

Version: 0.1.2
Check: package dependencies
Result: NOTE
    Package suggested but not available for checking: 'httr'
Flavor: r-devel-windows-x86_64-gcc10-UCRT

Version: 0.1.2
Check: re-building of vignette outputs
Result: WARN
    Error(s) in re-building vignettes:
     ...
    --- re-building 'Introduction.Rmd' using rmarkdown_notangle
    Quitting from lines 139-164 (Introduction.Rmd)
    Error: processing vignette 'Introduction.Rmd' failed with diagnostics:
    object 'VerHistory' not found
    --- failed re-building 'Introduction.Rmd'
    
    SUMMARY: processing the following file failed:
     'Introduction.Rmd'
    
    Error: Vignette re-building failed.
    Execution halted
Flavor: r-devel-windows-x86_64-gcc10-UCRT