Last updated on 2021-03-09 07:49:32 CET.
Flavor | Version | Tinstall | Tcheck | Ttotal | Status | Flags |
---|---|---|---|---|---|---|
r-devel-linux-x86_64-debian-clang | 0.1.0 | 5.11 | 28.05 | 33.16 | OK | |
r-devel-linux-x86_64-debian-gcc | 0.1.0 | 5.28 | 22.58 | 27.86 | OK | |
r-devel-linux-x86_64-fedora-clang | 0.1.0 | 51.13 | NOTE | |||
r-devel-linux-x86_64-fedora-gcc | 0.1.0 | 41.65 | NOTE | |||
r-devel-windows-ix86+x86_64 | 0.1.0 | 11.00 | 35.00 | 46.00 | OK | |
r-devel-windows-x86_64-gcc10-UCRT | 0.1.0 | NOTE | ||||
r-patched-linux-x86_64 | 0.1.0 | 6.17 | 27.56 | 33.73 | OK | |
r-patched-solaris-x86 | 0.1.0 | 65.00 | NOTE | |||
r-release-linux-x86_64 | 0.1.0 | 5.09 | 27.87 | 32.96 | OK | |
r-release-macos-x86_64 | 0.1.0 | NOTE | ||||
r-release-windows-ix86+x86_64 | 0.1.0 | 9.00 | 46.00 | 55.00 | OK | |
r-oldrel-macos-x86_64 | 0.1.0 | NOTE | ||||
r-oldrel-windows-ix86+x86_64 | 0.1.0 | 7.00 | 34.00 | 41.00 | OK |
Version: 0.1.0
Check: data for non-ASCII characters
Result: NOTE
Note: found 171 marked UTF-8 strings
Flavors: r-devel-linux-x86_64-fedora-clang, r-devel-linux-x86_64-fedora-gcc, r-devel-windows-x86_64-gcc10-UCRT, r-patched-solaris-x86, r-release-macos-x86_64, r-oldrel-macos-x86_64