CRAN Package Check Results for Package alphabetr

Last updated on 2021-02-24 19:48:00 CET.

Flavor Version Tinstall Tcheck Ttotal Status Flags
r-devel-linux-x86_64-debian-clang 0.2.2 51.54 156.34 207.88 OK
r-devel-linux-x86_64-debian-gcc 0.2.2 30.97 121.91 152.88 OK
r-devel-linux-x86_64-fedora-clang 0.2.2 277.27 NOTE
r-devel-linux-x86_64-fedora-gcc 0.2.2 263.35 NOTE
r-devel-windows-ix86+x86_64 0.2.2 90.00 243.00 333.00 OK
r-patched-linux-x86_64 0.2.2 37.78 165.47 203.25 OK
r-patched-solaris-x86 0.2.2 508.60 OK
r-release-linux-x86_64 0.2.2 37.83 165.81 203.64 OK
r-release-macos-x86_64 0.2.2 OK
r-release-windows-ix86+x86_64 0.2.2 110.00 280.00 390.00 OK
r-oldrel-macos-x86_64 0.2.2 OK
r-oldrel-windows-ix86+x86_64 0.2.2 79.00 254.00 333.00 OK

Check Details

Version: 0.2.2
Check: compiled code
Result: NOTE
    File ‘alphabetr/libs/alphabetr.so’:
     Found no calls to: ‘R_registerRoutines’, ‘R_useDynamicSymbols’
    
    It is good practice to register native routines and to disable symbol
    search.
    
    See ‘Writing portable packages’ in the ‘Writing R Extensions’ manual.
Flavors: r-devel-linux-x86_64-fedora-clang, r-devel-linux-x86_64-fedora-gcc