CRAN Package Check Results for Package alfr

Last updated on 2021-10-24 11:51:00 CEST.

Flavor Version Tinstall Tcheck Ttotal Status Flags
r-devel-linux-x86_64-debian-clang 1.2.1 2.50 29.86 32.36 NOTE
r-devel-linux-x86_64-debian-gcc 1.2.1 1.83 23.44 25.27 NOTE
r-devel-linux-x86_64-fedora-clang 1.2.1 49.99 NOTE
r-devel-linux-x86_64-fedora-gcc 1.2.1 38.94 NOTE
r-devel-windows-x86_64 1.2.1 5.00 62.00 67.00 NOTE
r-devel-windows-x86_64-gcc10-UCRT 1.2.1 NOTE
r-patched-linux-x86_64 1.2.1 2.38 29.15 31.53 NOTE
r-patched-solaris-x86 1.2.1 63.70 NOTE
r-release-linux-x86_64 1.2.1 2.47 29.00 31.47 NOTE
r-release-macos-arm64 1.2.1 NOTE
r-release-macos-x86_64 1.2.1 NOTE
r-release-windows-ix86+x86_64 1.2.1 5.00 62.00 67.00 NOTE
r-oldrel-macos-x86_64 1.2.1 OK
r-oldrel-windows-ix86+x86_64 1.2.1 7.00 63.00 70.00 OK

Check Details

Version: 1.2.1
Check: LazyData
Result: NOTE
     'LazyData' is specified without a 'data' directory
Flavors: r-devel-linux-x86_64-debian-clang, r-devel-linux-x86_64-debian-gcc, r-devel-linux-x86_64-fedora-clang, r-devel-linux-x86_64-fedora-gcc, r-devel-windows-x86_64, r-devel-windows-x86_64-gcc10-UCRT, r-patched-linux-x86_64, r-patched-solaris-x86, r-release-linux-x86_64, r-release-macos-arm64, r-release-macos-x86_64, r-release-windows-ix86+x86_64