CRAN Package Check Results for Package alfr

Last updated on 2021-06-24 07:50:02 CEST.

Flavor Version Tinstall Tcheck Ttotal Status Flags
r-devel-linux-x86_64-debian-clang 1.2.1 2.59 31.88 34.47 NOTE
r-devel-linux-x86_64-debian-gcc 1.2.1 1.97 24.99 26.96 NOTE
r-devel-linux-x86_64-fedora-clang 1.2.1 50.52 NOTE
r-devel-linux-x86_64-fedora-gcc 1.2.1 40.13 NOTE
r-devel-windows-x86_64 1.2.1 4.00 54.00 58.00 NOTE
r-devel-windows-x86_64-gcc10-UCRT 1.2.1 ERROR
r-patched-linux-x86_64 1.2.1 2.65 30.86 33.51 NOTE
r-patched-solaris-x86 1.2.1 66.90 NOTE
r-release-linux-x86_64 1.2.1 2.41 30.46 32.87 NOTE
r-release-macos-arm64 1.2.1 NOTE
r-release-macos-x86_64 1.2.1 NOTE
r-release-windows-ix86+x86_64 1.2.1 4.00 45.00 49.00 NOTE
r-oldrel-macos-x86_64 1.2.1 OK

Check Details

Version: 1.2.1
Check: LazyData
Result: NOTE
     'LazyData' is specified without a 'data' directory
Flavors: r-devel-linux-x86_64-debian-clang, r-devel-linux-x86_64-debian-gcc, r-devel-linux-x86_64-fedora-clang, r-devel-linux-x86_64-fedora-gcc, r-devel-windows-x86_64, r-patched-linux-x86_64, r-patched-solaris-x86, r-release-linux-x86_64, r-release-macos-arm64, r-release-macos-x86_64, r-release-windows-ix86+x86_64

Version: 1.2.1
Check: package dependencies
Result: ERROR
    Package required but not available: 'httr'
    
    Packages suggested but not available for checking:
     'devtools', 'httptest', 'covr'
    
    See section 'The DESCRIPTION file' in the 'Writing R Extensions'
    manual.
Flavor: r-devel-windows-x86_64-gcc10-UCRT