CRAN Package Check Results for Package airr

Last updated on 2021-06-15 07:48:57 CEST.

Flavor Version Tinstall Tcheck Ttotal Status Flags
r-devel-linux-x86_64-debian-clang 1.3.0 3.59 47.36 50.95 NOTE
r-devel-linux-x86_64-debian-gcc 1.3.0 2.95 35.62 38.57 NOTE
r-devel-linux-x86_64-fedora-clang 1.3.0 68.83 NOTE
r-devel-linux-x86_64-fedora-gcc 1.3.0 57.31 NOTE
r-devel-windows-x86_64 1.3.0 9.00 71.00 80.00 NOTE
r-devel-windows-x86_64-gcc10-UCRT 1.3.0 NOTE
r-patched-linux-x86_64 1.3.0 3.70 43.73 47.43 NOTE
r-patched-solaris-x86 1.3.0 82.20 NOTE
r-release-linux-x86_64 1.3.0 3.83 43.92 47.75 NOTE
r-release-macos-arm64 1.3.0 NOTE
r-release-macos-x86_64 1.3.0 NOTE
r-release-windows-ix86+x86_64 1.3.0 9.00 70.00 79.00 NOTE
r-oldrel-macos-x86_64 1.3.0 OK
r-oldrel-windows-ix86+x86_64 1.3.0 20.00 69.00 89.00 OK

Check Details

Version: 1.3.0
Check: LazyData
Result: NOTE
     'LazyData' is specified without a 'data' directory
Flavors: r-devel-linux-x86_64-debian-clang, r-devel-linux-x86_64-debian-gcc, r-devel-linux-x86_64-fedora-clang, r-devel-linux-x86_64-fedora-gcc, r-devel-windows-x86_64, r-devel-windows-x86_64-gcc10-UCRT, r-patched-linux-x86_64, r-patched-solaris-x86, r-release-linux-x86_64, r-release-macos-arm64, r-release-macos-x86_64, r-release-windows-ix86+x86_64