Last updated on 2021-03-09 07:49:31 CET.
Flavor | Version | Tinstall | Tcheck | Ttotal | Status | Flags |
---|---|---|---|---|---|---|
r-devel-linux-x86_64-debian-clang | 0.1.3 | 3.94 | 47.28 | 51.22 | OK | |
r-devel-linux-x86_64-debian-gcc | 0.1.3 | 3.89 | 36.34 | 40.23 | OK | |
r-devel-linux-x86_64-fedora-clang | 0.1.3 | 74.33 | NOTE | |||
r-devel-linux-x86_64-fedora-gcc | 0.1.3 | 61.57 | NOTE | |||
r-devel-windows-ix86+x86_64 | 0.1.3 | 13.00 | 49.00 | 62.00 | OK | |
r-devel-windows-x86_64-gcc10-UCRT | 0.1.3 | NOTE | ||||
r-patched-linux-x86_64 | 0.1.3 | 4.18 | 45.49 | 49.67 | OK | |
r-patched-solaris-x86 | 0.1.3 | 90.20 | NOTE | |||
r-release-linux-x86_64 | 0.1.3 | 4.24 | 44.95 | 49.19 | OK | |
r-release-macos-x86_64 | 0.1.3 | NOTE | ||||
r-release-windows-ix86+x86_64 | 0.1.3 | 8.00 | 65.00 | 73.00 | OK | |
r-oldrel-macos-x86_64 | 0.1.3 | NOTE | ||||
r-oldrel-windows-ix86+x86_64 | 0.1.3 | 7.00 | 47.00 | 54.00 | OK |
Version: 0.1.3
Check: data for non-ASCII characters
Result: NOTE
Note: found 710 marked UTF-8 strings
Flavors: r-devel-linux-x86_64-fedora-clang, r-devel-linux-x86_64-fedora-gcc, r-devel-windows-x86_64-gcc10-UCRT, r-patched-solaris-x86, r-release-macos-x86_64, r-oldrel-macos-x86_64