Last updated on 2021-02-26 11:50:46 CET.
Flavor | Version | Tinstall | Tcheck | Ttotal | Status | Flags |
---|---|---|---|---|---|---|
r-devel-linux-x86_64-debian-clang | 0.8.2 | 8.96 | 72.42 | 81.38 | OK | |
r-devel-linux-x86_64-debian-gcc | 0.8.2 | 5.85 | 54.28 | 60.13 | OK | |
r-devel-linux-x86_64-fedora-clang | 0.8.2 | 103.56 | NOTE | |||
r-devel-linux-x86_64-fedora-gcc | 0.8.2 | 91.17 | NOTE | |||
r-devel-windows-ix86+x86_64 | 0.8.2 | 15.00 | 69.00 | 84.00 | OK | |
r-patched-linux-x86_64 | 0.8.2 | 7.31 | 66.97 | 74.28 | OK | |
r-patched-solaris-x86 | 0.8.2 | 134.00 | NOTE | |||
r-release-linux-x86_64 | 0.8.2 | 7.48 | 67.16 | 74.64 | OK | |
r-release-macos-x86_64 | 0.8.2 | NOTE | ||||
r-release-windows-ix86+x86_64 | 0.8.2 | 21.00 | 92.00 | 113.00 | OK | |
r-oldrel-macos-x86_64 | 0.8.2 | NOTE | ||||
r-oldrel-windows-ix86+x86_64 | 0.8.2 | 12.00 | 88.00 | 100.00 | OK |
Version: 0.8.2
Check: data for non-ASCII characters
Result: NOTE
Note: found 53 marked UTF-8 strings
Flavors: r-devel-linux-x86_64-fedora-clang, r-devel-linux-x86_64-fedora-gcc, r-patched-solaris-x86, r-release-macos-x86_64, r-oldrel-macos-x86_64
Version: 0.8.2
Check: package dependencies
Result: NOTE
Package suggested but not available for checking: ‘ggseas’
Flavor: r-oldrel-macos-x86_64