CRAN Package Check Results for Package agtboost

Last updated on 2024-07-24 15:51:31 CEST.

Flavor Version Tinstall Tcheck Ttotal Status Flags
r-devel-linux-x86_64-debian-clang 0.9.3 43.06 48.92 91.98 NOTE
r-devel-linux-x86_64-debian-gcc 0.9.3 27.03 35.68 62.71 NOTE
r-devel-linux-x86_64-fedora-clang 0.9.3 118.75 NOTE
r-devel-linux-x86_64-fedora-gcc 0.9.3 117.81 NOTE
r-devel-windows-x86_64 0.9.3 33.00 74.00 107.00 NOTE
r-patched-linux-x86_64 0.9.3 34.70 46.56 81.26 NOTE
r-release-linux-x86_64 0.9.3 35.62 45.49 81.11 NOTE
r-release-macos-arm64 0.9.3 33.00 NOTE
r-release-macos-x86_64 0.9.3 46.00 NOTE
r-release-windows-x86_64 0.9.3 33.00 73.00 106.00 NOTE
r-oldrel-macos-arm64 0.9.3 39.00 NOTE
r-oldrel-macos-x86_64 0.9.3 59.00 NOTE
r-oldrel-windows-x86_64 0.9.3 36.00 86.00 122.00 NOTE

Check Details

Version: 0.9.3
Check: C++ specification
Result: NOTE Specified C++11: please drop specification unless essential Flavors: r-devel-linux-x86_64-debian-clang, r-devel-linux-x86_64-debian-gcc, r-devel-linux-x86_64-fedora-clang, r-devel-linux-x86_64-fedora-gcc, r-devel-windows-x86_64, r-patched-linux-x86_64, r-release-linux-x86_64, r-release-macos-arm64, r-release-macos-x86_64, r-release-windows-x86_64, r-oldrel-macos-arm64, r-oldrel-macos-x86_64, r-oldrel-windows-x86_64

Version: 0.9.3
Check: installed package size
Result: NOTE installed size is 8.6Mb sub-directories of 1Mb or more: libs 8.1Mb Flavors: r-release-macos-arm64, r-release-macos-x86_64, r-oldrel-macos-arm64, r-oldrel-macos-x86_64