CRAN Package Check Results for Package agriwater

Last updated on 2021-12-04 15:51:07 CET.

Flavor Version Tinstall Tcheck Ttotal Status Flags
r-devel-linux-x86_64-debian-clang 1.0.1 31.38 236.48 267.86 NOTE
r-devel-linux-x86_64-debian-gcc 1.0.1 27.50 177.58 205.08 NOTE
r-devel-linux-x86_64-fedora-clang 1.0.1 324.79 NOTE
r-devel-linux-x86_64-fedora-gcc 1.0.1 316.38 NOTE
r-devel-windows-x86_64-new-UL 1.0.1 45.00 250.00 295.00 NOTE
r-devel-windows-x86_64-new-TK 1.0.1 NOTE
r-devel-windows-x86_64-old 1.0.1 45.00 176.00 221.00 NOTE
r-patched-linux-x86_64 1.0.1 29.78 224.00 253.78 NOTE
r-release-linux-x86_64 1.0.1 24.88 224.26 249.14 NOTE
r-release-macos-arm64 1.0.1 NOTE
r-release-macos-x86_64 1.0.1 NOTE
r-release-windows-ix86+x86_64 1.0.1 66.00 248.00 314.00 NOTE
r-oldrel-macos-x86_64 1.0.1 OK
r-oldrel-windows-ix86+x86_64 1.0.1 68.00 262.00 330.00 OK

Check Details

Version: 1.0.1
Check: LazyData
Result: NOTE
     'LazyData' is specified without a 'data' directory
Flavors: r-devel-linux-x86_64-debian-clang, r-devel-linux-x86_64-debian-gcc, r-devel-linux-x86_64-fedora-clang, r-devel-linux-x86_64-fedora-gcc, r-devel-windows-x86_64-new-UL, r-devel-windows-x86_64-new-TK, r-devel-windows-x86_64-old, r-patched-linux-x86_64, r-release-linux-x86_64, r-release-macos-arm64, r-release-macos-x86_64, r-release-windows-ix86+x86_64