CRAN Package Check Results for Package afex

Last updated on 2021-05-07 19:49:08 CEST.

Flavor Version Tinstall Tcheck Ttotal Status Flags
r-devel-linux-x86_64-debian-clang 0.28-1 15.10 381.73 396.83 OK
r-devel-linux-x86_64-debian-gcc 0.28-1 14.32 273.68 288.00 OK
r-devel-linux-x86_64-fedora-clang 0.28-1 483.08 NOTE
r-devel-linux-x86_64-fedora-gcc 0.28-1 479.57 OK
r-devel-windows-ix86+x86_64 0.28-1 42.00 461.00 503.00 OK
r-devel-windows-x86_64-gcc10-UCRT 0.28-1 OK
r-patched-linux-x86_64 0.28-1 23.66 358.50 382.16 OK
r-patched-solaris-x86 0.28-1 645.00 NOTE
r-release-linux-x86_64 0.28-1 17.08 350.94 368.02 OK
r-release-macos-x86_64 0.28-1 OK
r-release-windows-ix86+x86_64 0.28-1 27.00 355.00 382.00 OK
r-oldrel-macos-x86_64 0.28-1 OK
r-oldrel-windows-ix86+x86_64 0.28-1 32.00 453.00 485.00 OK

Check Details

Version: 0.28-1
Check: Rd cross-references
Result: NOTE
    Undeclared package ‘ez’ in Rd xrefs
Flavor: r-devel-linux-x86_64-fedora-clang

Version: 0.28-1
Check: installed package size
Result: NOTE
     installed size is 5.5Mb
     sub-directories of 1Mb or more:
     doc 3.6Mb
Flavor: r-patched-solaris-x86