CRAN Package Check Results for Package afdx

Last updated on 2024-06-21 08:54:18 CEST.

Flavor Version Tinstall Tcheck Ttotal Status Flags
r-devel-linux-x86_64-debian-clang 1.1.1 5.38 81.56 86.94 NOTE
r-devel-linux-x86_64-debian-gcc 1.1.1 4.77 60.77 65.54 NOTE
r-devel-linux-x86_64-fedora-clang 1.1.1 113.10 NOTE
r-devel-linux-x86_64-fedora-gcc 1.1.1 117.59 NOTE
r-devel-windows-x86_64 1.1.1 7.00 81.00 88.00 NOTE
r-patched-linux-x86_64 1.1.1 6.07 78.62 84.69 NOTE
r-release-linux-x86_64 1.1.1 6.77 77.44 84.21 NOTE
r-release-macos-arm64 1.1.1 40.00 NOTE
r-release-macos-x86_64 1.1.1 60.00 NOTE
r-release-windows-x86_64 1.1.1 7.00 83.00 90.00 NOTE
r-oldrel-macos-arm64 1.1.1 41.00 NOTE
r-oldrel-macos-x86_64 1.1.1 63.00 NOTE
r-oldrel-windows-x86_64 1.1.1 8.00 93.00 101.00 NOTE

Check Details

Version: 1.1.1
Check: package subdirectories
Result: NOTE Problems with news in ‘NEWS.md’: No news entries found. Flavors: r-devel-linux-x86_64-debian-clang, r-devel-linux-x86_64-debian-gcc, r-devel-linux-x86_64-fedora-clang, r-devel-linux-x86_64-fedora-gcc, r-devel-windows-x86_64, r-patched-linux-x86_64, r-release-linux-x86_64, r-release-macos-arm64, r-release-macos-x86_64, r-release-windows-x86_64, r-oldrel-macos-arm64, r-oldrel-macos-x86_64, r-oldrel-windows-x86_64