CRAN Package Check Results for Package afCEC

Last updated on 2021-06-17 15:48:57 CEST.

Flavor Version Tinstall Tcheck Ttotal Status Flags
r-devel-linux-x86_64-debian-clang 1.0.2 53.50 47.77 101.27 OK
r-devel-linux-x86_64-debian-gcc 1.0.2 41.62 37.54 79.16 OK
r-devel-linux-x86_64-fedora-clang 1.0.2 142.90 OK
r-devel-linux-x86_64-fedora-gcc 1.0.2 128.64 OK
r-devel-windows-x86_64 1.0.2 61.00 64.00 125.00 OK
r-devel-windows-x86_64-gcc10-UCRT 1.0.2 OK
r-patched-linux-x86_64 1.0.2 42.44 46.54 88.98 OK
r-patched-solaris-x86 1.0.2 144.50 OK
r-release-linux-x86_64 1.0.2 45.38 46.30 91.68 OK
r-release-macos-arm64 1.0.2 NOTE
r-release-macos-x86_64 1.0.2 OK
r-release-windows-ix86+x86_64 1.0.2 118.00 99.00 217.00 OK
r-oldrel-macos-x86_64 1.0.2 OK
r-oldrel-windows-ix86+x86_64 1.0.2 86.00 101.00 187.00 OK

Check Details

Version: 1.0.2
Check: installed package size
Result: NOTE
     installed size is 5.7Mb
     sub-directories of 1Mb or more:
     libs 5.0Mb
Flavor: r-release-macos-arm64