CRAN Package Check Results for Package adjclust

Last updated on 2021-11-30 19:51:15 CET.

Flavor Version Tinstall Tcheck Ttotal Status Flags
r-devel-linux-x86_64-debian-clang 0.6.3 45.73 157.03 202.76 OK
r-devel-linux-x86_64-debian-gcc 0.6.3 33.94 113.00 146.94 OK
r-devel-linux-x86_64-fedora-clang 0.6.3 259.83 NOTE
r-devel-linux-x86_64-fedora-gcc 0.6.3 236.81 OK
r-devel-windows-x86_64-new-UL 0.6.3 61.00 245.00 306.00 NOTE
r-devel-windows-x86_64-new-TK 0.6.3 OK
r-devel-windows-x86_64-old 0.6.3 59.00 153.00 212.00 NOTE
r-patched-linux-x86_64 0.6.3 38.51 145.27 183.78 OK
r-patched-solaris-x86 0.6.3 275.40 OK
r-release-linux-x86_64 0.6.3 37.19 145.81 183.00 OK
r-release-macos-arm64 0.6.3 NOTE
r-release-macos-x86_64 0.6.3 NOTE
r-release-windows-ix86+x86_64 0.6.3 106.00 258.00 364.00 NOTE
r-oldrel-macos-x86_64 0.6.3 ERROR
r-oldrel-windows-ix86+x86_64 0.6.3 90.00 237.00 327.00 NOTE

Check Details

Version: 0.6.3
Check: installed package size
Result: NOTE
     installed size is 6.1Mb
     sub-directories of 1Mb or more:
     doc 3.6Mb
     libs 1.9Mb
Flavors: r-devel-linux-x86_64-fedora-clang, r-devel-windows-x86_64-new-UL, r-devel-windows-x86_64-old, r-release-macos-arm64, r-release-macos-x86_64, r-release-windows-ix86+x86_64, r-oldrel-windows-ix86+x86_64

Version: 0.6.3
Check: package dependencies
Result: NOTE
    Package suggested but not available for checking: ‘HiTC’
Flavor: r-release-macos-x86_64

Version: 0.6.3
Check: package dependencies
Result: ERROR
    Package required but not available: ‘sparseMatrixStats’
    
    Package suggested but not available for checking: ‘HiTC’
    
    See section ‘The DESCRIPTION file’ in the ‘Writing R Extensions’
    manual.
Flavor: r-oldrel-macos-x86_64