CRAN Package Check Results for Package adiv

Last updated on 2021-06-13 19:49:26 CEST.

Flavor Version Tinstall Tcheck Ttotal Status Flags
r-devel-linux-x86_64-debian-clang 2.0.1 42.34 381.71 424.05 OK
r-devel-linux-x86_64-debian-gcc 2.0.1 34.86 277.01 311.87 OK
r-devel-linux-x86_64-fedora-clang 2.0.1 509.68 OK
r-devel-linux-x86_64-fedora-gcc 2.0.1 495.88 OK
r-devel-windows-x86_64 2.0.1 65.00 457.00 522.00 OK
r-devel-windows-x86_64-gcc10-UCRT 2.0.1 ERROR
r-patched-linux-x86_64 2.0.1 40.22 354.88 395.10 OK
r-patched-solaris-x86 2.0.1 657.20 OK
r-release-linux-x86_64 2.0.1 38.31 354.88 393.19 OK
r-release-macos-arm64 2.0.1 OK
r-release-macos-x86_64 2.0.1 OK
r-release-windows-ix86+x86_64 2.0.1 87.00 439.00 526.00 OK
r-oldrel-macos-x86_64 2.0.1 OK
r-oldrel-windows-ix86+x86_64 2.0.1 91.00 439.00 530.00 OK

Check Details

Version: 2.0.1
Check: package dependencies
Result: ERROR
    Package required but not available: 'adephylo'
    
    See section 'The DESCRIPTION file' in the 'Writing R Extensions'
    manual.
Flavor: r-devel-windows-x86_64-gcc10-UCRT