CRAN Package Check Results for Package adaptivetau

Last updated on 2021-04-20 19:53:07 CEST.

Flavor Version Tinstall Tcheck Ttotal Status Flags
r-devel-linux-x86_64-debian-clang 2.2-3 6.71 29.29 36.00 OK
r-devel-linux-x86_64-debian-gcc 2.2-3 4.97 22.95 27.92 OK
r-devel-linux-x86_64-fedora-clang 2.2-3 55.92 OK
r-devel-linux-x86_64-fedora-gcc 2.2-3 45.18 OK
r-devel-windows-ix86+x86_64 2.2-3 20.00 70.00 90.00 OK
r-devel-windows-x86_64-gcc10-UCRT 2.2-3 OK
r-patched-linux-x86_64 2.2-3 6.44 28.28 34.72 WARN
r-patched-solaris-x86 2.2-3 69.70 OK
r-release-linux-x86_64 2.2-3 6.16 28.17 34.33 OK
r-release-macos-x86_64 2.2-3 OK
r-release-windows-ix86+x86_64 2.2-3 20.00 64.00 84.00 OK
r-oldrel-macos-x86_64 2.2-3 OK
r-oldrel-windows-ix86+x86_64 2.2-3 16.00 80.00 96.00 OK

Check Details

Version: 2.2-3
Check: whether package can be installed
Result: WARN
    Found the following significant warnings:
     Rd warning: /tmp/RtmphB47mC/R.INSTALL35e76c0af8a1/adaptivetau/man/ssa.adaptivetau.Rd:165: file link ‘enableJIT’ in package ‘compiler’ does not exist and so has been treated as a topic
     Rd warning: /tmp/RtmphB47mC/R.INSTALL35e76c0af8a1/adaptivetau/man/ssa.exact.Rd:59: file link ‘enableJIT’ in package ‘compiler’ does not exist and so has been treated as a topic
Flavor: r-patched-linux-x86_64