Last updated on 2023-04-01 08:01:03 CEST.
Flavor | Version | Tinstall | Tcheck | Ttotal | Status | Flags |
---|---|---|---|---|---|---|
r-devel-linux-x86_64-debian-clang | 2.0.1 | 26.76 | 404.69 | 431.45 | OK | |
r-devel-linux-x86_64-debian-gcc | 2.0.1 | 23.68 | 293.74 | 317.42 | OK | |
r-devel-linux-x86_64-fedora-clang | 2.0.1 | 553.45 | NOTE | |||
r-devel-linux-x86_64-fedora-gcc | 2.0.1 | 554.03 | OK | |||
r-devel-windows-x86_64 | 2.0.1 | 157.00 | 461.00 | 618.00 | OK | |
r-patched-linux-x86_64 | 2.0.1 | 26.58 | 392.44 | 419.02 | OK | |
r-release-linux-x86_64 | 2.0.1 | 24.24 | 375.34 | 399.58 | OK | |
r-release-macos-arm64 | 2.0.1 | 145.00 | OK | |||
r-release-macos-x86_64 | 2.0.1 | 240.00 | OK | |||
r-release-windows-x86_64 | 2.0.1 | 70.00 | 458.00 | 528.00 | OK | |
r-oldrel-macos-arm64 | 2.0.1 | 142.00 | OK | |||
r-oldrel-macos-x86_64 | 2.0.1 | 238.00 | OK | |||
r-oldrel-windows-ix86+x86_64 | 2.0.1 | 48.00 | 482.00 | 530.00 | NOTE |
Version: 2.0.1
Check: package dependencies
Result: NOTE
Imports includes 25 non-default packages.
Importing from so many packages makes the package vulnerable to any of
them becoming unavailable. Move as many as possible to Suggests and
use conditionally.
Flavor: r-devel-linux-x86_64-fedora-clang
Version: 2.0.1
Check: dependencies in R code
Result: NOTE
Initiating curl with CURL_SSL_BACKEND: openssl
Flavor: r-oldrel-windows-ix86+x86_64